{"id":637,"date":"2019-02-11T16:31:21","date_gmt":"2019-02-11T20:31:21","guid":{"rendered":"http:\/\/preh.uprrp.edu\/?page_id=637"},"modified":"2025-04-22T13:53:54","modified_gmt":"2025-04-22T17:53:54","slug":"internado-legislativo-jorge-a-ramos-comas","status":"publish","type":"page","link":"https:\/\/academicos.uprrp.edu\/preh\/becas-internados\/internados\/internado-legislativo-jorge-a-ramos-comas\/","title":{"rendered":"Internado Legislativo Jorge A. Ramos Comas"},"content":{"rendered":"\t\t<div data-elementor-type=\"wp-page\" data-elementor-id=\"637\" class=\"elementor elementor-637\">\n\t\t\t\t<div class=\"elementor-element elementor-element-2249816d e-flex e-con-boxed e-con e-parent\" data-id=\"2249816d\" data-element_type=\"container\" data-e-type=\"container\">\n\t\t\t\t\t<div class=\"e-con-inner\">\n\t\t\t\t<div class=\"elementor-element elementor-element-6793fdd8 elementor-widget elementor-widget-text-editor\" data-id=\"6793fdd8\" data-element_type=\"widget\" data-e-type=\"widget\" data-widget_type=\"text-editor.default\">\n\t\t\t\t<div class=\"elementor-widget-container\">\n\t\t\t\t\t\t\t\t\t<figure><\/figure>\n<p id=\"bgLayers_comp-jw0r18f0\" class=\"X-jRX\"><span style=\"color: #000000;font-size: 14px\">El Programa de Internado Legislativo Jorge Alberto Ramos Comas, fue creado en virtud de la Ley 184-1996 y est\u00e1 dirigido a ofrecer estudiantes universitarios una experiencia educativa que combine los elementos te\u00f3ricos y pr\u00e1cticos de los procesos legislativos y su integraci\u00f3n con las dem\u00e1s Ramas de Gobierno. Promueve una mayor conciencia entre los participantes de la importancia del proceso legislativo en la consecuci\u00f3n del bien com\u00fan. A su vez, se desarrolla el talento de peritaje y el inter\u00e9s futuro en mantenerse ligados a la Rama Legislativa. El Programa es presidido por el Representante H\u00e9ctor E. Ferrer Santiago.<\/span><span style=\"color: #19232d;font-size: 16px;font-weight: bold\">\u00a0<\/span><\/p>\n<p><!-- \/wp:html --><!-- wp:separator --><\/p>\n<p><!-- \/wp:separator --><!-- wp:paragraph --><\/p>\n<h5><span style=\"color: #993300\"><strong>P\u00e1gina web Internado Legislativo Ramos Comas<\/strong><\/span><\/h5>\n<p style=\"padding-left: 40px\"><span style=\"color: #ff0000\"><a href=\"https:\/\/www.oslpr.org\/jorge-a-ramos-comas\" target=\"_blank\" rel=\"noreferrer noopener\">https:\/\/www.oslpr.org\/jorge-a-ramos-comas<\/a><\/span><\/p>\n<p><!-- \/wp:paragraph --><\/p>\n<p><span style=\"color: #993300\"><strong>Representante Institucional<\/strong><\/span><\/p>\n<p>Elaine Alfonso-Cabiya, EdD<\/p>\n<p>Directora, Programa de Estudios de Honor<br \/><br \/>Edificio\u00a0Franklin D. Roosevelt, Piso 1, Cuadr\u00e1ngulo Hist\u00f3rico<br \/><br \/>Recinto de R\u00edo Piedras, Universidad de Puerto Rico<br \/><br \/>(787) 764-0000, Ext. 85060, 85061, 85062, 85063<br \/><br \/><a href=\"mailto:programa.honor@upr.edu\">programa.honor@upr.edu<\/a><\/p>\n<p><!-- wp:separator --><\/p>\n<hr class=\"wp-block-separator has-alpha-channel-opacity\" \/>\n<p><!-- \/wp:separator --><!-- wp:paragraph --><\/p>\n<h5><span style=\"color: #800000\"><strong>Responsabilidades de la representante institucional:<\/strong><\/span><\/h5>\n<p><!-- \/wp:paragraph --><!-- wp:list --><\/p>\n<ul>\n<li style=\"list-style-type: none\">\n<ul><!-- wp:list-item --><\/ul>\n<\/li>\n<li><span style=\"color: #000000\">Revisar los documentos que acompa\u00f1an la solicitud<\/span><\/li>\n<li><span style=\"color: #000000\">Una vez el (la) estudiante presente la carta oficial de aceptaci\u00f3n y as\u00ed lo solicite, matricularle en el curso\u00a0<u>INTD 3705 Internado Legislativo, 6 cr\u00e9ditos, Pass \/ No Pass\u00a0<\/u><\/span><\/li>\n<li><span style=\"color: #000000\">Recibir la nota y entarla al Sistema Estudiantil<\/span><\/li>\n<li><span style=\"color: #000000\"><strong>Importante<\/strong><b>:\u00a0El Programa de Estudios de Honor\u00a0no hace con validaciones de cursos, solo matricula al estudiante en el curso INTD 3705.\u00a0Si interesa convalidar el curso, deber\u00e1 consultar con su asesor acad\u00e9mico en el programa al cual est\u00e1 adscrito.<\/b><\/span><\/li>\n<\/ul>\n<p><!-- \/wp:list-item --><\/p>\n<p><!-- \/wp:list --><\/p>\t\t\t\t\t\t\t\t<\/div>\n\t\t\t\t<\/div>\n\t\t\t\t\t<\/div>\n\t\t\t\t<\/div>\n\t\t\t\t<\/div>\n\t\t","protected":false},"excerpt":{"rendered":"<p>El Programa de Internado Legislativo Jorge Alberto Ramos Comas, fue creado en virtud de la Ley 184-1996 y est\u00e1 dirigido a ofrecer estudiantes universitarios una experiencia educativa que combine los elementos te\u00f3ricos y pr\u00e1cticos de los procesos legislativos y su &hellip; <\/p>\n","protected":false},"author":9,"featured_media":0,"parent":281,"menu_order":0,"comment_status":"closed","ping_status":"closed","template":"","meta":{"_monsterinsights_skip_tracking":false,"_monsterinsights_sitenote_active":false,"_monsterinsights_sitenote_note":"","_monsterinsights_sitenote_category":0,"footnotes":""},"class_list":["post-637","page","type-page","status-publish","hentry"],"yoast_head":"<!-- This site is optimized with the Yoast SEO plugin v27.2 - https:\/\/yoast.com\/product\/yoast-seo-wordpress\/ -->\n<title>Internado Legislativo Jorge A. Ramos Comas - Programa de Estudios de Honor<\/title>\n<meta name=\"robots\" content=\"index, follow, max-snippet:-1, max-image-preview:large, max-video-preview:-1\" \/>\n<link rel=\"canonical\" href=\"https:\/\/academicos.uprrp.edu\/preh\/becas-internados\/internados\/internado-legislativo-jorge-a-ramos-comas\/\" \/>\n<meta property=\"og:locale\" content=\"es_ES\" \/>\n<meta property=\"og:type\" content=\"article\" \/>\n<meta property=\"og:title\" content=\"Internado Legislativo Jorge A. Ramos Comas - Programa de Estudios de Honor\" \/>\n<meta property=\"og:description\" content=\"El Programa de Internado Legislativo Jorge Alberto Ramos Comas, fue creado en virtud de la Ley 184-1996 y est\u00e1 dirigido a ofrecer estudiantes universitarios una experiencia educativa que combine los elementos te\u00f3ricos y pr\u00e1cticos de los procesos legislativos y su &hellip;\" \/>\n<meta property=\"og:url\" content=\"https:\/\/academicos.uprrp.edu\/preh\/becas-internados\/internados\/internado-legislativo-jorge-a-ramos-comas\/\" \/>\n<meta property=\"og:site_name\" content=\"Programa de Estudios de Honor\" \/>\n<meta property=\"article:modified_time\" content=\"2025-04-22T17:53:54+00:00\" \/>\n<meta name=\"twitter:card\" content=\"summary_large_image\" \/>\n<meta name=\"twitter:label1\" content=\"Est. reading time\" \/>\n\t<meta name=\"twitter:data1\" content=\"2 minutos\" \/>\n<script type=\"application\/ld+json\" class=\"yoast-schema-graph\">{\"@context\":\"https:\/\/schema.org\",\"@graph\":[{\"@type\":\"WebPage\",\"@id\":\"https:\/\/academicos.uprrp.edu\/preh\/becas-internados\/internados\/internado-legislativo-jorge-a-ramos-comas\/\",\"url\":\"https:\/\/academicos.uprrp.edu\/preh\/becas-internados\/internados\/internado-legislativo-jorge-a-ramos-comas\/\",\"name\":\"Internado Legislativo Jorge A. Ramos Comas - Programa de Estudios de Honor\",\"isPartOf\":{\"@id\":\"https:\/\/academicos.uprrp.edu\/preh\/#website\"},\"datePublished\":\"2019-02-11T20:31:21+00:00\",\"dateModified\":\"2025-04-22T17:53:54+00:00\",\"breadcrumb\":{\"@id\":\"https:\/\/academicos.uprrp.edu\/preh\/becas-internados\/internados\/internado-legislativo-jorge-a-ramos-comas\/#breadcrumb\"},\"inLanguage\":\"es\",\"potentialAction\":[{\"@type\":\"ReadAction\",\"target\":[\"https:\/\/academicos.uprrp.edu\/preh\/becas-internados\/internados\/internado-legislativo-jorge-a-ramos-comas\/\"]}]},{\"@type\":\"BreadcrumbList\",\"@id\":\"https:\/\/academicos.uprrp.edu\/preh\/becas-internados\/internados\/internado-legislativo-jorge-a-ramos-comas\/#breadcrumb\",\"itemListElement\":[{\"@type\":\"ListItem\",\"position\":1,\"name\":\"Home\",\"item\":\"https:\/\/academicos.uprrp.edu\/preh\/\"},{\"@type\":\"ListItem\",\"position\":2,\"name\":\"Becas\/Internados\",\"item\":\"https:\/\/academicos.uprrp.edu\/preh\/becas-internados\/\"},{\"@type\":\"ListItem\",\"position\":3,\"name\":\"Internados\",\"item\":\"https:\/\/academicos.uprrp.edu\/preh\/becas-internados\/internados\/\"},{\"@type\":\"ListItem\",\"position\":4,\"name\":\"Internado Legislativo Jorge A. Ramos Comas\"}]},{\"@type\":\"WebSite\",\"@id\":\"https:\/\/academicos.uprrp.edu\/preh\/#website\",\"url\":\"https:\/\/academicos.uprrp.edu\/preh\/\",\"name\":\"Programa de Estudios de Honor\",\"description\":\"\",\"potentialAction\":[{\"@type\":\"SearchAction\",\"target\":{\"@type\":\"EntryPoint\",\"urlTemplate\":\"https:\/\/academicos.uprrp.edu\/preh\/?s={search_term_string}\"},\"query-input\":{\"@type\":\"PropertyValueSpecification\",\"valueRequired\":true,\"valueName\":\"search_term_string\"}}],\"inLanguage\":\"es\"}]}<\/script>\n<!-- \/ Yoast SEO plugin. -->","yoast_head_json":{"title":"Internado Legislativo Jorge A. Ramos Comas - Programa de Estudios de Honor","robots":{"index":"index","follow":"follow","max-snippet":"max-snippet:-1","max-image-preview":"max-image-preview:large","max-video-preview":"max-video-preview:-1"},"canonical":"https:\/\/academicos.uprrp.edu\/preh\/becas-internados\/internados\/internado-legislativo-jorge-a-ramos-comas\/","og_locale":"es_ES","og_type":"article","og_title":"Internado Legislativo Jorge A. Ramos Comas - Programa de Estudios de Honor","og_description":"El Programa de Internado Legislativo Jorge Alberto Ramos Comas, fue creado en virtud de la Ley 184-1996 y est\u00e1 dirigido a ofrecer estudiantes universitarios una experiencia educativa que combine los elementos te\u00f3ricos y pr\u00e1cticos de los procesos legislativos y su &hellip;","og_url":"https:\/\/academicos.uprrp.edu\/preh\/becas-internados\/internados\/internado-legislativo-jorge-a-ramos-comas\/","og_site_name":"Programa de Estudios de Honor","article_modified_time":"2025-04-22T17:53:54+00:00","twitter_card":"summary_large_image","twitter_misc":{"Est. reading time":"2 minutos"},"schema":{"@context":"https:\/\/schema.org","@graph":[{"@type":"WebPage","@id":"https:\/\/academicos.uprrp.edu\/preh\/becas-internados\/internados\/internado-legislativo-jorge-a-ramos-comas\/","url":"https:\/\/academicos.uprrp.edu\/preh\/becas-internados\/internados\/internado-legislativo-jorge-a-ramos-comas\/","name":"Internado Legislativo Jorge A. Ramos Comas - Programa de Estudios de Honor","isPartOf":{"@id":"https:\/\/academicos.uprrp.edu\/preh\/#website"},"datePublished":"2019-02-11T20:31:21+00:00","dateModified":"2025-04-22T17:53:54+00:00","breadcrumb":{"@id":"https:\/\/academicos.uprrp.edu\/preh\/becas-internados\/internados\/internado-legislativo-jorge-a-ramos-comas\/#breadcrumb"},"inLanguage":"es","potentialAction":[{"@type":"ReadAction","target":["https:\/\/academicos.uprrp.edu\/preh\/becas-internados\/internados\/internado-legislativo-jorge-a-ramos-comas\/"]}]},{"@type":"BreadcrumbList","@id":"https:\/\/academicos.uprrp.edu\/preh\/becas-internados\/internados\/internado-legislativo-jorge-a-ramos-comas\/#breadcrumb","itemListElement":[{"@type":"ListItem","position":1,"name":"Home","item":"https:\/\/academicos.uprrp.edu\/preh\/"},{"@type":"ListItem","position":2,"name":"Becas\/Internados","item":"https:\/\/academicos.uprrp.edu\/preh\/becas-internados\/"},{"@type":"ListItem","position":3,"name":"Internados","item":"https:\/\/academicos.uprrp.edu\/preh\/becas-internados\/internados\/"},{"@type":"ListItem","position":4,"name":"Internado Legislativo Jorge A. Ramos Comas"}]},{"@type":"WebSite","@id":"https:\/\/academicos.uprrp.edu\/preh\/#website","url":"https:\/\/academicos.uprrp.edu\/preh\/","name":"Programa de Estudios de Honor","description":"","potentialAction":[{"@type":"SearchAction","target":{"@type":"EntryPoint","urlTemplate":"https:\/\/academicos.uprrp.edu\/preh\/?s={search_term_string}"},"query-input":{"@type":"PropertyValueSpecification","valueRequired":true,"valueName":"search_term_string"}}],"inLanguage":"es"}]}},"_links":{"self":[{"href":"https:\/\/academicos.uprrp.edu\/preh\/wp-json\/wp\/v2\/pages\/637","targetHints":{"allow":["GET"]}}],"collection":[{"href":"https:\/\/academicos.uprrp.edu\/preh\/wp-json\/wp\/v2\/pages"}],"about":[{"href":"https:\/\/academicos.uprrp.edu\/preh\/wp-json\/wp\/v2\/types\/page"}],"author":[{"embeddable":true,"href":"https:\/\/academicos.uprrp.edu\/preh\/wp-json\/wp\/v2\/users\/9"}],"replies":[{"embeddable":true,"href":"https:\/\/academicos.uprrp.edu\/preh\/wp-json\/wp\/v2\/comments?post=637"}],"version-history":[{"count":15,"href":"https:\/\/academicos.uprrp.edu\/preh\/wp-json\/wp\/v2\/pages\/637\/revisions"}],"predecessor-version":[{"id":12613,"href":"https:\/\/academicos.uprrp.edu\/preh\/wp-json\/wp\/v2\/pages\/637\/revisions\/12613"}],"up":[{"embeddable":true,"href":"https:\/\/academicos.uprrp.edu\/preh\/wp-json\/wp\/v2\/pages\/281"}],"wp:attachment":[{"href":"https:\/\/academicos.uprrp.edu\/preh\/wp-json\/wp\/v2\/media?parent=637"}],"curies":[{"name":"wp","href":"https:\/\/api.w.org\/{rel}","templated":true}]}}