{"id":610,"date":"2019-02-11T15:40:55","date_gmt":"2019-02-11T19:40:55","guid":{"rendered":"http:\/\/preh.uprrp.edu\/?page_id=610"},"modified":"2025-09-05T15:50:22","modified_gmt":"2025-09-05T19:50:22","slug":"internado-congresional-de-cordova-fernos","status":"publish","type":"page","link":"https:\/\/academicos.uprrp.edu\/preh\/becas-internados\/internados\/internado-congresional-de-cordova-fernos\/","title":{"rendered":"Internado Congresional C\u00f3rdova &amp; Fern\u00f3s"},"content":{"rendered":"\t\t<div data-elementor-type=\"wp-page\" data-elementor-id=\"610\" class=\"elementor elementor-610\">\n\t\t\t\t<div class=\"elementor-element elementor-element-574ef4 e-flex e-con-boxed e-con e-parent\" data-id=\"574ef4\" data-element_type=\"container\" data-e-type=\"container\">\n\t\t\t\t\t<div class=\"e-con-inner\">\n\t\t\t\t<div class=\"elementor-element elementor-element-2a4bd13d elementor-widget elementor-widget-text-editor\" data-id=\"2a4bd13d\" data-element_type=\"widget\" data-e-type=\"widget\" data-widget_type=\"text-editor.default\">\n\t\t\t\t<div class=\"elementor-widget-container\">\n\t\t\t\t\t\t\t\t\t<div data-mesh-id=\"comp-jvy9tu8binlineContent-gridContainer\" data-testid=\"mesh-container-content\">\n<div id=\"comp-km574wml\" class=\"_1Cfot\">\n<div class=\"\" data-mesh-id=\"comp-km574wmlinlineContent\" data-testid=\"inline-content\">\n<div data-mesh-id=\"comp-km574wmlinlineContent-gridContainer\" data-testid=\"mesh-container-content\">\n<div id=\"comp-juvr6ghu\" class=\"Ued3M\" title=\"\">\n<div class=\"_2edl5\" data-testid=\"linkElement\"><span style=\"color: #000000;font-size: 14px\">El Programa C\u00f3rdova y Fern\u00f3s de Internados Congresionales fue establecido por la Asamblea Legislativa de Puerto Rico, mediante la Ley 59-1993, para ofrecer una oportunidad a estudiantes destacados de las universidades de Puerto Rico de relacionarse con los procesos del Congreso de los Estados Unidos y el Gobierno Federal. Los participantes del Programa reciben cr\u00e9ditos acad\u00e9micos mientras trabajan y estudian durante un semestre acad\u00e9mico en la Ciudad de Washington, DC.\u00a0<\/span><\/div>\n<\/div>\n<\/div>\n<\/div>\n<\/div>\n<\/div>\n<p><!-- \/wp:html --><!-- wp:html --><\/p>\n<div id=\"bgLayers_comp-jvyar3p7\" class=\"MW5IWV\" data-hook=\"bgLayers\">\n<div id=\"bgMedia_comp-jvyar3p7\" class=\"VgO9Yg\"><span style=\"font-size: 14px;color: #000000;font-weight: bold\">P\u00c1GINA WEB:\u00a0<\/span><a style=\"font-size: 14px\" href=\"https:\/\/www.oslpr.org\/cordova-y-fernos\">https:\/\/www.oslpr.org\/cordova-y-fernos<\/a><\/div>\n<\/div>\n<div>\n<p><strong>REPRESENTANTE INSTITUCIONAL<\/strong><\/p>\n<ul>\n<li>Elaine Alfonso-Cabiya, EdD<\/li>\n<li><span style=\"font-size: 14px\">Directora, Programa de Estudios de Honor<\/span><\/li>\n<li>(787) 764-0000, Ext. 85060, 85061, 85062, 85063<\/li>\n<li>Email: <a style=\"font-size: 14px\" href=\"mailto:programa.honor@upr.edu\" target=\"_blank\" rel=\"noreferrer noopener\">programa.honor@upr.edu<\/a><\/li>\n<\/ul>\n<\/div>\n<div id=\"bgLayers_comp-jvyar3p7\" class=\"MW5IWV\" data-hook=\"bgLayers\">\n<div>\u00a0<\/div>\n<div><strong>RESPONSABILIDADES DEL REPRESENTANTE INSTITUCIONAL (datos de contacto al final)<\/strong><\/div>\n<\/div>\n<p><!-- \/wp:paragraph --><!-- wp:list --><\/p>\n<ul><!-- wp:list-item -->\n<li>\n<p>Revisar los documentos que acompa\u00f1an la solicitud<\/p>\n<\/li>\n<!-- \/wp:list-item --><!-- wp:list-item -->\n<li>\n<p>Completar y firmar una secci\u00f3n de la solicitud<\/p>\n<\/li>\n<!-- \/wp:list-item --><!-- wp:list-item -->\n<li>\n<p>Certificar por medio de una carta que los estudiantes ser\u00e1n matriculados en los cursos: <!-- wp:list --><\/p>\n<ul><!-- wp:list-item -->\n<li>\n<p>INTD 4000, Internado Congresional C\u00f3rdova y Fern\u00f3s, 9 cr\u00e9ditos<\/p>\n<\/li>\n<!-- \/wp:list-item --><!-- wp:list-item -->\n<li>\n<p>INTD 4010 Seminario The Washington Center,\u00a03 cr\u00e9ditos\u00a0<\/p>\n<\/li>\n<!-- \/wp:list-item --><\/ul>\n<p><!-- \/wp:list --><\/p>\n<\/li>\n<!-- \/wp:list-item --><!-- wp:list-item -->\n<li>\n<p>Matricular en los cursos del internado al recibir la petici\u00f3n del estudiante acompa\u00f1ada de la carta oficial de aceptaci\u00f3n<\/p>\n<\/li>\n<li>\n<p>Recibir las calificaciones\u00a0 y entarlas al Sistema Estudiantil<\/p>\n<\/li>\n<!-- \/wp:list-item --><!-- wp:list-item -->\n<li>\n<p><strong>Importante:<\/strong> El Programa de Estudios de Honor no hace convalidaciones de cursos, solo matricula al estudiante en los cursos INTD 4000 y INTD 4010. Si interesa convalidar estos cursos, el estudiante deber\u00e1 consultar con su asesor acad\u00e9mico en el programa al cual est\u00e1 adscrito. Deber\u00e1 solicitarle una carta de convalidaci\u00f3n de los cursos.<\/p>\n<\/li>\n<!-- \/wp:list-item --><\/ul>\n<p><!-- \/wp:list --><\/p>\t\t\t\t\t\t\t\t<\/div>\n\t\t\t\t<\/div>\n\t\t\t\t\t<\/div>\n\t\t\t\t<\/div>\n\t\t\t\t<\/div>\n\t\t","protected":false},"excerpt":{"rendered":"<p>El Programa C\u00f3rdova y Fern\u00f3s de Internados Congresionales fue establecido por la Asamblea Legislativa de Puerto Rico, mediante la Ley 59-1993, para ofrecer una oportunidad a estudiantes destacados de las universidades de Puerto Rico de relacionarse con los procesos del &hellip; <\/p>\n","protected":false},"author":9,"featured_media":0,"parent":281,"menu_order":0,"comment_status":"closed","ping_status":"closed","template":"","meta":{"_monsterinsights_skip_tracking":false,"_monsterinsights_sitenote_active":false,"_monsterinsights_sitenote_note":"","_monsterinsights_sitenote_category":0,"footnotes":""},"class_list":["post-610","page","type-page","status-publish","hentry"],"yoast_head":"<!-- This site is optimized with the Yoast SEO plugin v27.2 - https:\/\/yoast.com\/product\/yoast-seo-wordpress\/ -->\n<title>Internado Congresional C\u00f3rdova &amp; Fern\u00f3s - Programa de Estudios de Honor<\/title>\n<meta name=\"robots\" content=\"index, follow, max-snippet:-1, max-image-preview:large, max-video-preview:-1\" \/>\n<link rel=\"canonical\" href=\"https:\/\/academicos.uprrp.edu\/preh\/becas-internados\/internados\/internado-congresional-de-cordova-fernos\/\" \/>\n<meta property=\"og:locale\" content=\"es_ES\" \/>\n<meta property=\"og:type\" content=\"article\" \/>\n<meta property=\"og:title\" content=\"Internado Congresional C\u00f3rdova &amp; Fern\u00f3s - Programa de Estudios de Honor\" \/>\n<meta property=\"og:description\" content=\"El Programa C\u00f3rdova y Fern\u00f3s de Internados Congresionales fue establecido por la Asamblea Legislativa de Puerto Rico, mediante la Ley 59-1993, para ofrecer una oportunidad a estudiantes destacados de las universidades de Puerto Rico de relacionarse con los procesos del &hellip;\" \/>\n<meta property=\"og:url\" content=\"https:\/\/academicos.uprrp.edu\/preh\/becas-internados\/internados\/internado-congresional-de-cordova-fernos\/\" \/>\n<meta property=\"og:site_name\" content=\"Programa de Estudios de Honor\" \/>\n<meta property=\"article:modified_time\" content=\"2025-09-05T19:50:22+00:00\" \/>\n<meta name=\"twitter:card\" content=\"summary_large_image\" \/>\n<meta name=\"twitter:label1\" content=\"Est. reading time\" \/>\n\t<meta name=\"twitter:data1\" content=\"2 minutos\" \/>\n<script type=\"application\/ld+json\" class=\"yoast-schema-graph\">{\"@context\":\"https:\/\/schema.org\",\"@graph\":[{\"@type\":\"WebPage\",\"@id\":\"https:\/\/academicos.uprrp.edu\/preh\/becas-internados\/internados\/internado-congresional-de-cordova-fernos\/\",\"url\":\"https:\/\/academicos.uprrp.edu\/preh\/becas-internados\/internados\/internado-congresional-de-cordova-fernos\/\",\"name\":\"Internado Congresional C\u00f3rdova &amp; Fern\u00f3s - Programa de Estudios de Honor\",\"isPartOf\":{\"@id\":\"https:\/\/academicos.uprrp.edu\/preh\/#website\"},\"datePublished\":\"2019-02-11T19:40:55+00:00\",\"dateModified\":\"2025-09-05T19:50:22+00:00\",\"breadcrumb\":{\"@id\":\"https:\/\/academicos.uprrp.edu\/preh\/becas-internados\/internados\/internado-congresional-de-cordova-fernos\/#breadcrumb\"},\"inLanguage\":\"es\",\"potentialAction\":[{\"@type\":\"ReadAction\",\"target\":[\"https:\/\/academicos.uprrp.edu\/preh\/becas-internados\/internados\/internado-congresional-de-cordova-fernos\/\"]}]},{\"@type\":\"BreadcrumbList\",\"@id\":\"https:\/\/academicos.uprrp.edu\/preh\/becas-internados\/internados\/internado-congresional-de-cordova-fernos\/#breadcrumb\",\"itemListElement\":[{\"@type\":\"ListItem\",\"position\":1,\"name\":\"Home\",\"item\":\"https:\/\/academicos.uprrp.edu\/preh\/\"},{\"@type\":\"ListItem\",\"position\":2,\"name\":\"Becas\/Internados\",\"item\":\"https:\/\/academicos.uprrp.edu\/preh\/becas-internados\/\"},{\"@type\":\"ListItem\",\"position\":3,\"name\":\"Internados\",\"item\":\"https:\/\/academicos.uprrp.edu\/preh\/becas-internados\/internados\/\"},{\"@type\":\"ListItem\",\"position\":4,\"name\":\"Internado Congresional C\u00f3rdova &amp; Fern\u00f3s\"}]},{\"@type\":\"WebSite\",\"@id\":\"https:\/\/academicos.uprrp.edu\/preh\/#website\",\"url\":\"https:\/\/academicos.uprrp.edu\/preh\/\",\"name\":\"Programa de Estudios de Honor\",\"description\":\"\",\"potentialAction\":[{\"@type\":\"SearchAction\",\"target\":{\"@type\":\"EntryPoint\",\"urlTemplate\":\"https:\/\/academicos.uprrp.edu\/preh\/?s={search_term_string}\"},\"query-input\":{\"@type\":\"PropertyValueSpecification\",\"valueRequired\":true,\"valueName\":\"search_term_string\"}}],\"inLanguage\":\"es\"}]}<\/script>\n<!-- \/ Yoast SEO plugin. -->","yoast_head_json":{"title":"Internado Congresional C\u00f3rdova &amp; Fern\u00f3s - Programa de Estudios de Honor","robots":{"index":"index","follow":"follow","max-snippet":"max-snippet:-1","max-image-preview":"max-image-preview:large","max-video-preview":"max-video-preview:-1"},"canonical":"https:\/\/academicos.uprrp.edu\/preh\/becas-internados\/internados\/internado-congresional-de-cordova-fernos\/","og_locale":"es_ES","og_type":"article","og_title":"Internado Congresional C\u00f3rdova &amp; Fern\u00f3s - Programa de Estudios de Honor","og_description":"El Programa C\u00f3rdova y Fern\u00f3s de Internados Congresionales fue establecido por la Asamblea Legislativa de Puerto Rico, mediante la Ley 59-1993, para ofrecer una oportunidad a estudiantes destacados de las universidades de Puerto Rico de relacionarse con los procesos del &hellip;","og_url":"https:\/\/academicos.uprrp.edu\/preh\/becas-internados\/internados\/internado-congresional-de-cordova-fernos\/","og_site_name":"Programa de Estudios de Honor","article_modified_time":"2025-09-05T19:50:22+00:00","twitter_card":"summary_large_image","twitter_misc":{"Est. reading time":"2 minutos"},"schema":{"@context":"https:\/\/schema.org","@graph":[{"@type":"WebPage","@id":"https:\/\/academicos.uprrp.edu\/preh\/becas-internados\/internados\/internado-congresional-de-cordova-fernos\/","url":"https:\/\/academicos.uprrp.edu\/preh\/becas-internados\/internados\/internado-congresional-de-cordova-fernos\/","name":"Internado Congresional C\u00f3rdova &amp; Fern\u00f3s - Programa de Estudios de Honor","isPartOf":{"@id":"https:\/\/academicos.uprrp.edu\/preh\/#website"},"datePublished":"2019-02-11T19:40:55+00:00","dateModified":"2025-09-05T19:50:22+00:00","breadcrumb":{"@id":"https:\/\/academicos.uprrp.edu\/preh\/becas-internados\/internados\/internado-congresional-de-cordova-fernos\/#breadcrumb"},"inLanguage":"es","potentialAction":[{"@type":"ReadAction","target":["https:\/\/academicos.uprrp.edu\/preh\/becas-internados\/internados\/internado-congresional-de-cordova-fernos\/"]}]},{"@type":"BreadcrumbList","@id":"https:\/\/academicos.uprrp.edu\/preh\/becas-internados\/internados\/internado-congresional-de-cordova-fernos\/#breadcrumb","itemListElement":[{"@type":"ListItem","position":1,"name":"Home","item":"https:\/\/academicos.uprrp.edu\/preh\/"},{"@type":"ListItem","position":2,"name":"Becas\/Internados","item":"https:\/\/academicos.uprrp.edu\/preh\/becas-internados\/"},{"@type":"ListItem","position":3,"name":"Internados","item":"https:\/\/academicos.uprrp.edu\/preh\/becas-internados\/internados\/"},{"@type":"ListItem","position":4,"name":"Internado Congresional C\u00f3rdova &amp; Fern\u00f3s"}]},{"@type":"WebSite","@id":"https:\/\/academicos.uprrp.edu\/preh\/#website","url":"https:\/\/academicos.uprrp.edu\/preh\/","name":"Programa de Estudios de Honor","description":"","potentialAction":[{"@type":"SearchAction","target":{"@type":"EntryPoint","urlTemplate":"https:\/\/academicos.uprrp.edu\/preh\/?s={search_term_string}"},"query-input":{"@type":"PropertyValueSpecification","valueRequired":true,"valueName":"search_term_string"}}],"inLanguage":"es"}]}},"_links":{"self":[{"href":"https:\/\/academicos.uprrp.edu\/preh\/wp-json\/wp\/v2\/pages\/610","targetHints":{"allow":["GET"]}}],"collection":[{"href":"https:\/\/academicos.uprrp.edu\/preh\/wp-json\/wp\/v2\/pages"}],"about":[{"href":"https:\/\/academicos.uprrp.edu\/preh\/wp-json\/wp\/v2\/types\/page"}],"author":[{"embeddable":true,"href":"https:\/\/academicos.uprrp.edu\/preh\/wp-json\/wp\/v2\/users\/9"}],"replies":[{"embeddable":true,"href":"https:\/\/academicos.uprrp.edu\/preh\/wp-json\/wp\/v2\/comments?post=610"}],"version-history":[{"count":15,"href":"https:\/\/academicos.uprrp.edu\/preh\/wp-json\/wp\/v2\/pages\/610\/revisions"}],"predecessor-version":[{"id":12964,"href":"https:\/\/academicos.uprrp.edu\/preh\/wp-json\/wp\/v2\/pages\/610\/revisions\/12964"}],"up":[{"embeddable":true,"href":"https:\/\/academicos.uprrp.edu\/preh\/wp-json\/wp\/v2\/pages\/281"}],"wp:attachment":[{"href":"https:\/\/academicos.uprrp.edu\/preh\/wp-json\/wp\/v2\/media?parent=610"}],"curies":[{"name":"wp","href":"https:\/\/api.w.org\/{rel}","templated":true}]}}

Internado Congresional Córdova &amp; Fernós

<div data-elementor-type="wp-page" data-elementor-id="610" class="elementor elementor-610">
				<div class="elementor-element elementor-element-574ef4 e-flex e-con-boxed e-con e-parent" data-id="574ef4" data-element_type="container" data-e-type="container">
					<div class="e-con-inner">
				<div class="elementor-element elementor-element-2a4bd13d elementor-widget elementor-widget-text-editor" data-id="2a4bd13d" data-element_type="widget" data-e-type="widget" data-widget_type="text-editor.default">
				<div class="elementor-widget-container">
									<div data-mesh-id="comp-jvy9tu8binlineContent-gridContainer" data-testid="mesh-container-content">
<div id="comp-km574wml" class="_1Cfot">
<div class="" data-mesh-id="comp-km574wmlinlineContent" data-testid="inline-content">
<div data-mesh-id="comp-km574wmlinlineContent-gridContainer" data-testid="mesh-container-content">
<div id="comp-juvr6ghu" class="Ued3M" title="">
<div class="_2edl5" data-testid="linkElement"><span style="color: #000000;font-size: 14px">El Programa Córdova y Fernós de Internados Congresionales fue establecido por la Asamblea Legislativa de Puerto Rico, mediante la Ley 59-1993, para ofrecer una oportunidad a estudiantes destacados de las universidades de Puerto Rico de relacionarse con los procesos del Congreso de los Estados Unidos y el Gobierno Federal. Los participantes del Programa reciben créditos académicos mientras trabajan y estudian durante un semestre académico en la Ciudad de Washington, DC. </span></div>
</div>
</div>
</div>
</div>
</div>
<p><!-- /wp:html --><!-- wp:html --></p>
<div id="bgLayers_comp-jvyar3p7" class="MW5IWV" data-hook="bgLayers">
<div id="bgMedia_comp-jvyar3p7" class="VgO9Yg"><span style="font-size: 14px;color: #000000;font-weight: bold">PÁGINA WEB: </span><a style="font-size: 14px" href="https://www.oslpr.org/cordova-y-fernos">https://www.oslpr.org/cordova-y-fernos</a></div>
</div>
<div>
<p><strong>REPRESENTANTE INSTITUCIONAL</strong></p>
<ul>
<li>Elaine Alfonso-Cabiya, EdD</li>
<li><span style="font-size: 14px">Directora, Programa de Estudios de Honor</span></li>
<li>(787) 764-0000, Ext. 85060, 85061, 85062, 85063</li>
<li>Email: <a style="font-size: 14px" href="mailto:programa.honor@upr.edu" target="_blank" rel="noreferrer noopener">programa.honor@upr.edu</a></li>
</ul>
</div>
<div id="bgLayers_comp-jvyar3p7" class="MW5IWV" data-hook="bgLayers">
<div> </div>
<div><strong>RESPONSABILIDADES DEL REPRESENTANTE INSTITUCIONAL (datos de contacto al final)</strong></div>
</div>
<p><!-- /wp:paragraph --><!-- wp:list --></p>
<ul><!-- wp:list-item -->
<li>
<p>Revisar los documentos que acompañan la solicitud</p>
</li>
<!-- /wp:list-item --><!-- wp:list-item -->
<li>
<p>Completar y firmar una sección de la solicitud</p>
</li>
<!-- /wp:list-item --><!-- wp:list-item -->
<li>
<p>Certificar por medio de una carta que los estudiantes serán matriculados en los cursos: <!-- wp:list --></p>
<ul><!-- wp:list-item -->
<li>
<p>INTD 4000, Internado Congresional Córdova y Fernós, 9 créditos</p>
</li>
<!-- /wp:list-item --><!-- wp:list-item -->
<li>
<p>INTD 4010 Seminario The Washington Center, 3 créditos </p>
</li>
<!-- /wp:list-item --></ul>
<p><!-- /wp:list --></p>
</li>
<!-- /wp:list-item --><!-- wp:list-item -->
<li>
<p>Matricular en los cursos del internado al recibir la petición del estudiante acompañada de la carta oficial de aceptación</p>
</li>
<li>
<p>Recibir las calificaciones  y entarlas al Sistema Estudiantil</p>
</li>
<!-- /wp:list-item --><!-- wp:list-item -->
<li>
<p><strong>Importante:</strong> El Programa de Estudios de Honor no hace convalidaciones de cursos, solo matricula al estudiante en los cursos INTD 4000 y INTD 4010. Si interesa convalidar estos cursos, el estudiante deberá consultar con su asesor académico en el programa al cual está adscrito. Deberá solicitarle una carta de convalidación de los cursos.</p>
</li>
<!-- /wp:list-item --></ul>
<p><!-- /wp:list --></p>								</div>
				</div>
					</div>
				</div>
				</div>

<p>El Programa Córdova y Fernós de Internados Congresionales fue establecido por la Asamblea Legislativa de Puerto Rico, mediante la Ley 59-1993, para ofrecer una oportunidad a estudiantes destacados de las universidades de Puerto Rico de relacionarse con los procesos del &hellip; </p>

<!-- This site is optimized with the Yoast SEO plugin v27.2 - https://yoast.com/product/yoast-seo-wordpress/ -->
<title>Internado Congresional Córdova &amp; Fernós - Programa de Estudios de Honor</title>
<meta name="robots" content="index, follow, max-snippet:-1, max-image-preview:large, max-video-preview:-1" />
<link rel="canonical" href="https://academicos.uprrp.edu/preh/becas-internados/internados/internado-congresional-de-cordova-fernos/" />
<meta property="og:locale" content="es_ES" />
<meta property="og:type" content="article" />
<meta property="og:title" content="Internado Congresional Córdova &amp; Fernós - Programa de Estudios de Honor" />
<meta property="og:description" content="El Programa Córdova y Fernós de Internados Congresionales fue establecido por la Asamblea Legislativa de Puerto Rico, mediante la Ley 59-1993, para ofrecer una oportunidad a estudiantes destacados de las universidades de Puerto Rico de relacionarse con los procesos del &hellip;" />
<meta property="og:url" content="https://academicos.uprrp.edu/preh/becas-internados/internados/internado-congresional-de-cordova-fernos/" />
<meta property="og:site_name" content="Programa de Estudios de Honor" />
<meta property="article:modified_time" content="2025-09-05T19:50:22+00:00" />
<meta name="twitter:card" content="summary_large_image" />
<meta name="twitter:label1" content="Est. reading time" />
	<meta name="twitter:data1" content="2 minutos" />
<script type="application/ld+json" class="yoast-schema-graph">{"@context":"https://schema.org","@graph":[{"@type":"WebPage","@id":"https://academicos.uprrp.edu/preh/becas-internados/internados/internado-congresional-de-cordova-fernos/","url":"https://academicos.uprrp.edu/preh/becas-internados/internados/internado-congresional-de-cordova-fernos/","name":"Internado Congresional Córdova &amp; Fernós - Programa de Estudios de Honor","isPartOf":{"@id":"https://academicos.uprrp.edu/preh/#website"},"datePublished":"2019-02-11T19:40:55+00:00","dateModified":"2025-09-05T19:50:22+00:00","breadcrumb":{"@id":"https://academicos.uprrp.edu/preh/becas-internados/internados/internado-congresional-de-cordova-fernos/#breadcrumb"},"inLanguage":"es","potentialAction":[{"@type":"ReadAction","target":["https://academicos.uprrp.edu/preh/becas-internados/internados/internado-congresional-de-cordova-fernos/"]}]},{"@type":"BreadcrumbList","@id":"https://academicos.uprrp.edu/preh/becas-internados/internados/internado-congresional-de-cordova-fernos/#breadcrumb","itemListElement":[{"@type":"ListItem","position":1,"name":"Home","item":"https://academicos.uprrp.edu/preh/"},{"@type":"ListItem","position":2,"name":"Becas/Internados","item":"https://academicos.uprrp.edu/preh/becas-internados/"},{"@type":"ListItem","position":3,"name":"Internados","item":"https://academicos.uprrp.edu/preh/becas-internados/internados/"},{"@type":"ListItem","position":4,"name":"Internado Congresional Córdova &amp; Fernós"}]},{"@type":"WebSite","@id":"https://academicos.uprrp.edu/preh/#website","url":"https://academicos.uprrp.edu/preh/","name":"Programa de Estudios de Honor","description":"","potentialAction":[{"@type":"SearchAction","target":{"@type":"EntryPoint","urlTemplate":"https://academicos.uprrp.edu/preh/?s={search_term_string}"},"query-input":{"@type":"PropertyValueSpecification","valueRequired":true,"valueName":"search_term_string"}}],"inLanguage":"es"}]}</script>
<!-- / Yoast SEO plugin. -->

Internado Congresional Córdova &amp; Fernós - Programa de Estudios de Honor

El Programa Córdova y Fernós de Internados Congresionales fue establecido por la Asamblea Legislativa de Puerto Rico, mediante la Ley 59-1993, para ofrecer una oportunidad a estudiantes destacados de las universidades de Puerto Rico de relacionarse con los procesos del &hellip;
