{"id":516,"date":"2019-01-25T16:23:13","date_gmt":"2019-01-25T20:23:13","guid":{"rendered":"http:\/\/preh.uprrp.edu\/?page_id=516"},"modified":"2026-02-12T14:36:42","modified_gmt":"2026-02-12T18:36:42","slug":"facultad-de-comunicacion-e-informacion","status":"publish","type":"page","link":"https:\/\/academicos.uprrp.edu\/preh\/estudiantes-de-honor\/facultad-de-comunicacion-e-informacion\/","title":{"rendered":"Facultad de Comunicaci\u00f3n e Informaci\u00f3n"},"content":{"rendered":"\t\t<div data-elementor-type=\"wp-page\" data-elementor-id=\"516\" class=\"elementor elementor-516\">\n\t\t\t\t<div class=\"elementor-element elementor-element-afb60b0 e-flex e-con-boxed e-con e-parent\" data-id=\"afb60b0\" data-element_type=\"container\" data-e-type=\"container\">\n\t\t\t\t\t<div class=\"e-con-inner\">\n\t\t\t\t<div class=\"elementor-element elementor-element-db728f4 elementor-widget elementor-widget-heading\" data-id=\"db728f4\" data-element_type=\"widget\" data-e-type=\"widget\" data-widget_type=\"heading.default\">\n\t\t\t\t<div class=\"elementor-widget-container\">\n\t\t\t\t\t<h2 class=\"elementor-heading-title elementor-size-default\">FACULTAD DE COMUNICACI\u00d3N E INFORMACI\u00d3N<\/h2>\t\t\t\t<\/div>\n\t\t\t\t<\/div>\n\t\t\t\t\t<\/div>\n\t\t\t\t<\/div>\n\t\t<div class=\"elementor-element elementor-element-31590134 e-flex e-con-boxed e-con e-parent\" data-id=\"31590134\" data-element_type=\"container\" data-e-type=\"container\">\n\t\t\t\t\t<div class=\"e-con-inner\">\n\t\t\t\t<div class=\"elementor-element elementor-element-31fb7352 elementor-widget elementor-widget-text-editor\" data-id=\"31fb7352\" data-element_type=\"widget\" data-e-type=\"widget\" data-widget_type=\"text-editor.default\">\n\t\t\t\t<div class=\"elementor-widget-container\">\n\t\t\t\t\t\t\t\t\t<table dir=\"ltr\" border=\"1\" cellspacing=\"0\" cellpadding=\"0\" data-sheets-root=\"1\" data-sheets-baot=\"1\"><colgroup><col width=\"86\" \/><col width=\"84\" \/><col width=\"110\" \/><\/colgroup><tbody><tr><td>Serrano<\/td><td>Reyes<\/td><td>Layra J<\/td><\/tr><tr><td>Soto<\/td><td>Villanueva<\/td><td>Kamilha D.<\/td><\/tr><tr><td>Torres<\/td><td>Santiago<\/td><td>Adriana<\/td><\/tr><\/tbody><\/table>\t\t\t\t\t\t\t\t<\/div>\n\t\t\t\t<\/div>\n\t\t\t\t\t<\/div>\n\t\t\t\t<\/div>\n\t\t\t\t<\/div>\n\t\t","protected":false},"excerpt":{"rendered":"<p>FACULTAD DE COMUNICACI\u00d3N E INFORMACI\u00d3N Serrano Reyes Layra J Soto Villanueva Kamilha D. Torres Santiago Adriana<\/p>\n","protected":false},"author":9,"featured_media":0,"parent":320,"menu_order":0,"comment_status":"closed","ping_status":"closed","template":"","meta":{"_monsterinsights_skip_tracking":false,"_monsterinsights_sitenote_active":false,"_monsterinsights_sitenote_note":"","_monsterinsights_sitenote_category":0,"footnotes":""},"class_list":["post-516","page","type-page","status-publish","hentry"],"yoast_head":"<!-- This site is optimized with the Yoast SEO plugin v27.2 - https:\/\/yoast.com\/product\/yoast-seo-wordpress\/ -->\n<title>Facultad de Comunicaci\u00f3n e Informaci\u00f3n - Programa de Estudios de Honor<\/title>\n<meta name=\"robots\" content=\"index, follow, max-snippet:-1, max-image-preview:large, max-video-preview:-1\" \/>\n<link rel=\"canonical\" href=\"https:\/\/academicos.uprrp.edu\/preh\/estudiantes-de-honor\/facultad-de-comunicacion-e-informacion\/\" \/>\n<meta property=\"og:locale\" content=\"es_ES\" \/>\n<meta property=\"og:type\" content=\"article\" \/>\n<meta property=\"og:title\" content=\"Facultad de Comunicaci\u00f3n e Informaci\u00f3n - Programa de Estudios de Honor\" \/>\n<meta property=\"og:description\" content=\"FACULTAD DE COMUNICACI\u00d3N E INFORMACI\u00d3N Serrano Reyes Layra J Soto Villanueva Kamilha D. Torres Santiago Adriana\" \/>\n<meta property=\"og:url\" content=\"https:\/\/academicos.uprrp.edu\/preh\/estudiantes-de-honor\/facultad-de-comunicacion-e-informacion\/\" \/>\n<meta property=\"og:site_name\" content=\"Programa de Estudios de Honor\" \/>\n<meta property=\"article:modified_time\" content=\"2026-02-12T18:36:42+00:00\" \/>\n<meta name=\"twitter:card\" content=\"summary_large_image\" \/>\n<meta name=\"twitter:label1\" content=\"Est. reading time\" \/>\n\t<meta name=\"twitter:data1\" content=\"1 minuto\" \/>\n<script type=\"application\/ld+json\" class=\"yoast-schema-graph\">{\"@context\":\"https:\/\/schema.org\",\"@graph\":[{\"@type\":\"WebPage\",\"@id\":\"https:\/\/academicos.uprrp.edu\/preh\/estudiantes-de-honor\/facultad-de-comunicacion-e-informacion\/\",\"url\":\"https:\/\/academicos.uprrp.edu\/preh\/estudiantes-de-honor\/facultad-de-comunicacion-e-informacion\/\",\"name\":\"Facultad de Comunicaci\u00f3n e Informaci\u00f3n - Programa de Estudios de Honor\",\"isPartOf\":{\"@id\":\"https:\/\/academicos.uprrp.edu\/preh\/#website\"},\"datePublished\":\"2019-01-25T20:23:13+00:00\",\"dateModified\":\"2026-02-12T18:36:42+00:00\",\"breadcrumb\":{\"@id\":\"https:\/\/academicos.uprrp.edu\/preh\/estudiantes-de-honor\/facultad-de-comunicacion-e-informacion\/#breadcrumb\"},\"inLanguage\":\"es\",\"potentialAction\":[{\"@type\":\"ReadAction\",\"target\":[\"https:\/\/academicos.uprrp.edu\/preh\/estudiantes-de-honor\/facultad-de-comunicacion-e-informacion\/\"]}]},{\"@type\":\"BreadcrumbList\",\"@id\":\"https:\/\/academicos.uprrp.edu\/preh\/estudiantes-de-honor\/facultad-de-comunicacion-e-informacion\/#breadcrumb\",\"itemListElement\":[{\"@type\":\"ListItem\",\"position\":1,\"name\":\"Home\",\"item\":\"https:\/\/academicos.uprrp.edu\/preh\/\"},{\"@type\":\"ListItem\",\"position\":2,\"name\":\"Estudiantes Activos del PREH\",\"item\":\"https:\/\/academicos.uprrp.edu\/preh\/estudiantes-de-honor\/\"},{\"@type\":\"ListItem\",\"position\":3,\"name\":\"Facultad de Comunicaci\u00f3n e Informaci\u00f3n\"}]},{\"@type\":\"WebSite\",\"@id\":\"https:\/\/academicos.uprrp.edu\/preh\/#website\",\"url\":\"https:\/\/academicos.uprrp.edu\/preh\/\",\"name\":\"Programa de Estudios de Honor\",\"description\":\"\",\"potentialAction\":[{\"@type\":\"SearchAction\",\"target\":{\"@type\":\"EntryPoint\",\"urlTemplate\":\"https:\/\/academicos.uprrp.edu\/preh\/?s={search_term_string}\"},\"query-input\":{\"@type\":\"PropertyValueSpecification\",\"valueRequired\":true,\"valueName\":\"search_term_string\"}}],\"inLanguage\":\"es\"}]}<\/script>\n<!-- \/ Yoast SEO plugin. -->","yoast_head_json":{"title":"Facultad de Comunicaci\u00f3n e Informaci\u00f3n - Programa de Estudios de Honor","robots":{"index":"index","follow":"follow","max-snippet":"max-snippet:-1","max-image-preview":"max-image-preview:large","max-video-preview":"max-video-preview:-1"},"canonical":"https:\/\/academicos.uprrp.edu\/preh\/estudiantes-de-honor\/facultad-de-comunicacion-e-informacion\/","og_locale":"es_ES","og_type":"article","og_title":"Facultad de Comunicaci\u00f3n e Informaci\u00f3n - Programa de Estudios de Honor","og_description":"FACULTAD DE COMUNICACI\u00d3N E INFORMACI\u00d3N Serrano Reyes Layra J Soto Villanueva Kamilha D. Torres Santiago Adriana","og_url":"https:\/\/academicos.uprrp.edu\/preh\/estudiantes-de-honor\/facultad-de-comunicacion-e-informacion\/","og_site_name":"Programa de Estudios de Honor","article_modified_time":"2026-02-12T18:36:42+00:00","twitter_card":"summary_large_image","twitter_misc":{"Est. reading time":"1 minuto"},"schema":{"@context":"https:\/\/schema.org","@graph":[{"@type":"WebPage","@id":"https:\/\/academicos.uprrp.edu\/preh\/estudiantes-de-honor\/facultad-de-comunicacion-e-informacion\/","url":"https:\/\/academicos.uprrp.edu\/preh\/estudiantes-de-honor\/facultad-de-comunicacion-e-informacion\/","name":"Facultad de Comunicaci\u00f3n e Informaci\u00f3n - Programa de Estudios de Honor","isPartOf":{"@id":"https:\/\/academicos.uprrp.edu\/preh\/#website"},"datePublished":"2019-01-25T20:23:13+00:00","dateModified":"2026-02-12T18:36:42+00:00","breadcrumb":{"@id":"https:\/\/academicos.uprrp.edu\/preh\/estudiantes-de-honor\/facultad-de-comunicacion-e-informacion\/#breadcrumb"},"inLanguage":"es","potentialAction":[{"@type":"ReadAction","target":["https:\/\/academicos.uprrp.edu\/preh\/estudiantes-de-honor\/facultad-de-comunicacion-e-informacion\/"]}]},{"@type":"BreadcrumbList","@id":"https:\/\/academicos.uprrp.edu\/preh\/estudiantes-de-honor\/facultad-de-comunicacion-e-informacion\/#breadcrumb","itemListElement":[{"@type":"ListItem","position":1,"name":"Home","item":"https:\/\/academicos.uprrp.edu\/preh\/"},{"@type":"ListItem","position":2,"name":"Estudiantes Activos del PREH","item":"https:\/\/academicos.uprrp.edu\/preh\/estudiantes-de-honor\/"},{"@type":"ListItem","position":3,"name":"Facultad de Comunicaci\u00f3n e Informaci\u00f3n"}]},{"@type":"WebSite","@id":"https:\/\/academicos.uprrp.edu\/preh\/#website","url":"https:\/\/academicos.uprrp.edu\/preh\/","name":"Programa de Estudios de Honor","description":"","potentialAction":[{"@type":"SearchAction","target":{"@type":"EntryPoint","urlTemplate":"https:\/\/academicos.uprrp.edu\/preh\/?s={search_term_string}"},"query-input":{"@type":"PropertyValueSpecification","valueRequired":true,"valueName":"search_term_string"}}],"inLanguage":"es"}]}},"_links":{"self":[{"href":"https:\/\/academicos.uprrp.edu\/preh\/wp-json\/wp\/v2\/pages\/516","targetHints":{"allow":["GET"]}}],"collection":[{"href":"https:\/\/academicos.uprrp.edu\/preh\/wp-json\/wp\/v2\/pages"}],"about":[{"href":"https:\/\/academicos.uprrp.edu\/preh\/wp-json\/wp\/v2\/types\/page"}],"author":[{"embeddable":true,"href":"https:\/\/academicos.uprrp.edu\/preh\/wp-json\/wp\/v2\/users\/9"}],"replies":[{"embeddable":true,"href":"https:\/\/academicos.uprrp.edu\/preh\/wp-json\/wp\/v2\/comments?post=516"}],"version-history":[{"count":17,"href":"https:\/\/academicos.uprrp.edu\/preh\/wp-json\/wp\/v2\/pages\/516\/revisions"}],"predecessor-version":[{"id":13282,"href":"https:\/\/academicos.uprrp.edu\/preh\/wp-json\/wp\/v2\/pages\/516\/revisions\/13282"}],"up":[{"embeddable":true,"href":"https:\/\/academicos.uprrp.edu\/preh\/wp-json\/wp\/v2\/pages\/320"}],"wp:attachment":[{"href":"https:\/\/academicos.uprrp.edu\/preh\/wp-json\/wp\/v2\/media?parent=516"}],"curies":[{"name":"wp","href":"https:\/\/api.w.org\/{rel}","templated":true}]}}

Facultad de Comunicación e Información

<div data-elementor-type="wp-page" data-elementor-id="516" class="elementor elementor-516">
				<div class="elementor-element elementor-element-afb60b0 e-flex e-con-boxed e-con e-parent" data-id="afb60b0" data-element_type="container" data-e-type="container">
					<div class="e-con-inner">
				<div class="elementor-element elementor-element-db728f4 elementor-widget elementor-widget-heading" data-id="db728f4" data-element_type="widget" data-e-type="widget" data-widget_type="heading.default">
				<div class="elementor-widget-container">
					<h2 class="elementor-heading-title elementor-size-default">FACULTAD DE COMUNICACIÓN E INFORMACIÓN</h2>				</div>
				</div>
					</div>
				</div>
		<div class="elementor-element elementor-element-31590134 e-flex e-con-boxed e-con e-parent" data-id="31590134" data-element_type="container" data-e-type="container">
					<div class="e-con-inner">
				<div class="elementor-element elementor-element-31fb7352 elementor-widget elementor-widget-text-editor" data-id="31fb7352" data-element_type="widget" data-e-type="widget" data-widget_type="text-editor.default">
				<div class="elementor-widget-container">
									<table dir="ltr" border="1" cellspacing="0" cellpadding="0" data-sheets-root="1" data-sheets-baot="1"><colgroup><col width="86" /><col width="84" /><col width="110" /></colgroup><tbody><tr><td>Serrano</td><td>Reyes</td><td>Layra J</td></tr><tr><td>Soto</td><td>Villanueva</td><td>Kamilha D.</td></tr><tr><td>Torres</td><td>Santiago</td><td>Adriana</td></tr></tbody></table>								</div>
				</div>
					</div>
				</div>
				</div>

<p>FACULTAD DE COMUNICACIÓN E INFORMACIÓN Serrano Reyes Layra J Soto Villanueva Kamilha D. Torres Santiago Adriana</p>

<!-- This site is optimized with the Yoast SEO plugin v27.2 - https://yoast.com/product/yoast-seo-wordpress/ -->
<title>Facultad de Comunicación e Información - Programa de Estudios de Honor</title>
<meta name="robots" content="index, follow, max-snippet:-1, max-image-preview:large, max-video-preview:-1" />
<link rel="canonical" href="https://academicos.uprrp.edu/preh/estudiantes-de-honor/facultad-de-comunicacion-e-informacion/" />
<meta property="og:locale" content="es_ES" />
<meta property="og:type" content="article" />
<meta property="og:title" content="Facultad de Comunicación e Información - Programa de Estudios de Honor" />
<meta property="og:description" content="FACULTAD DE COMUNICACIÓN E INFORMACIÓN Serrano Reyes Layra J Soto Villanueva Kamilha D. Torres Santiago Adriana" />
<meta property="og:url" content="https://academicos.uprrp.edu/preh/estudiantes-de-honor/facultad-de-comunicacion-e-informacion/" />
<meta property="og:site_name" content="Programa de Estudios de Honor" />
<meta property="article:modified_time" content="2026-02-12T18:36:42+00:00" />
<meta name="twitter:card" content="summary_large_image" />
<meta name="twitter:label1" content="Est. reading time" />
	<meta name="twitter:data1" content="1 minuto" />
<script type="application/ld+json" class="yoast-schema-graph">{"@context":"https://schema.org","@graph":[{"@type":"WebPage","@id":"https://academicos.uprrp.edu/preh/estudiantes-de-honor/facultad-de-comunicacion-e-informacion/","url":"https://academicos.uprrp.edu/preh/estudiantes-de-honor/facultad-de-comunicacion-e-informacion/","name":"Facultad de Comunicación e Información - Programa de Estudios de Honor","isPartOf":{"@id":"https://academicos.uprrp.edu/preh/#website"},"datePublished":"2019-01-25T20:23:13+00:00","dateModified":"2026-02-12T18:36:42+00:00","breadcrumb":{"@id":"https://academicos.uprrp.edu/preh/estudiantes-de-honor/facultad-de-comunicacion-e-informacion/#breadcrumb"},"inLanguage":"es","potentialAction":[{"@type":"ReadAction","target":["https://academicos.uprrp.edu/preh/estudiantes-de-honor/facultad-de-comunicacion-e-informacion/"]}]},{"@type":"BreadcrumbList","@id":"https://academicos.uprrp.edu/preh/estudiantes-de-honor/facultad-de-comunicacion-e-informacion/#breadcrumb","itemListElement":[{"@type":"ListItem","position":1,"name":"Home","item":"https://academicos.uprrp.edu/preh/"},{"@type":"ListItem","position":2,"name":"Estudiantes Activos del PREH","item":"https://academicos.uprrp.edu/preh/estudiantes-de-honor/"},{"@type":"ListItem","position":3,"name":"Facultad de Comunicación e Información"}]},{"@type":"WebSite","@id":"https://academicos.uprrp.edu/preh/#website","url":"https://academicos.uprrp.edu/preh/","name":"Programa de Estudios de Honor","description":"","potentialAction":[{"@type":"SearchAction","target":{"@type":"EntryPoint","urlTemplate":"https://academicos.uprrp.edu/preh/?s={search_term_string}"},"query-input":{"@type":"PropertyValueSpecification","valueRequired":true,"valueName":"search_term_string"}}],"inLanguage":"es"}]}</script>
<!-- / Yoast SEO plugin. -->

Facultad de Comunicación e Información - Programa de Estudios de Honor

FACULTAD DE COMUNICACIÓN E INFORMACIÓN Serrano Reyes Layra J Soto Villanueva Kamilha D. Torres Santiago Adriana
