{"id":4734,"date":"2021-02-14T13:46:16","date_gmt":"2021-02-14T17:46:16","guid":{"rendered":"http:\/\/preh.uprrp.edu\/?page_id=4734"},"modified":"2024-05-03T10:12:18","modified_gmt":"2024-05-03T14:12:18","slug":"cipshi","status":"publish","type":"page","link":"https:\/\/academicos.uprrp.edu\/preh\/certificaciones\/cipshi\/","title":{"rendered":"CIPSHI"},"content":{"rendered":"<p><\/p>\r\n<p><span style=\"color: #000000;\"><span style=\"font-size: 21px;\">El <strong>Comit\u00e9 institucional para la protecci\u00f3n de los seres humanos en la investigaci\u00f3n (CIPSHI) <\/strong>es la unidad del recinto de R\u00edo Piedras responsable de evaluar y aprobar las solicitudes para llevar a cabo investigaciones con sujetos humanos.<\/span><\/span><\/p>\r\n<p>\r\n\r\n<\/p>\r\n<p><span style=\"color: #000000;\">La misi\u00f3n del CIPSHI es salvaguardar los derechos y el bienestar de los seres humanos que participen como sujetos en las investigaciones del Recinto.<\/span><\/p>\r\n<p>\r\n\r\n<\/p>\r\n<p><span style=\"color: #000000;\">El CIPSHI revisa y autoriza los protocolos de investigaciones con participantes humanos como sujetos de estudio y mantiene a la comunidad universitaria informada acerca de las reglamentaciones y los aspectos \u00e9ticos que conciernen a estas investigaciones. Este comit\u00e9 tiene la responsabilidad de velar que en los proyectos de investigaci\u00f3n se garanticen la voluntariedad y la intimidad del individuo y se minimicen los riesgos de da\u00f1o f\u00edsico, mental, emocional, social, econ\u00f3mico y legal, entre otros. Adem\u00e1s, el CIPSHI eval\u00faa y contrapone los posibles riesgos a los beneficios esperados de la investigaci\u00f3n.<\/span><\/p>\r\n<p>\r\n\r\n<\/p>\r\n<p><a href=\"https:\/\/academicos.uprrp.edu\/preh\/wp-content\/uploads\/sites\/6\/2024\/05\/2023-09-20-Orientacion-CIPSHI_Programa-Estudios-Honor-1.pdf\" target=\"_blank\" rel=\"noopener\">Presentaci\u00f3n ofrecida el 20 de septiembre de 2023 por Myriam V\u00e9lez Galv\u00e1n Oficial de Cumplimiento de CIPSHI<\/a><\/p>\r\n<p>\r\n\r\n<\/p>\r\n<p><a href=\"https:\/\/academicos.uprrp.edu\/preh\/wp-content\/uploads\/sites\/6\/2024\/05\/Solicitud-de-CIPSHI-1.pdf\" target=\"_blank\" rel=\"noopener\">Taller Complementario a la solicitud de CIPSHI &#8211;\u00a0 ofrecido por Yainelis P\u00e9rez Rosa<\/a><\/p>\r\n<p>\r\n\r\n<\/p>\r\n<p><a href=\"https:\/\/sistemaupr-my.sharepoint.com\/personal\/yainelis_rosa_upr_edu\/_layouts\/15\/stream.aspx?id=%2Fpersonal%2Fyainelis%5Frosa%5Fupr%5Fedu%2FDocuments%2FPreh%2FTaller%20Complementario%20de%20Solicitud%20a%20CIPSHI%20por%20Yainelis%20P%C3%A9rez%2DRosa%2D20230320%5F191128%2DMeeting%20Recording%2Emp4&amp;ga=1\" target=\"_blank\" rel=\"noreferrer noopener\">Grabaci\u00f3n de Taller ofrecido por la estudiante Yanielis P\u00e9rez Rosa<\/a><\/p>\r\n<p>\r\n\r\n<\/p>\r\n<p class=\"has-vivid-red-color has-text-color has-link-color wp-elements-1518f20050bccfb4b85e4cd4218f37b3\"><span style=\"color: #000000;\">Informaci\u00f3n de Contacto:<\/span><\/p>\r\n<p>\r\n\r\n<\/p>\r\n<div class=\"section\">\r\n<div class=\"layoutArea\">\r\n<div class=\"column\"><span style=\"color: #000000;\"><strong>Direcci\u00f3n f\u00edsica:\u00a0<\/strong><\/span><\/div>\r\n<div class=\"column\"><span style=\"color: #000000;\">Decanato de Estudios Graduados e Investigaci\u00f3n (DEGI),\u00a0<\/span><span style=\"color: #000000;\">Hogar Mas\u00f3nico 2do Piso<\/span><\/div>\r\n<div>\u00a0<\/div>\r\n<div class=\"column\"><span style=\"color: #000000;\"><strong>Direcci\u00f3n postal:\u00a0<\/strong><\/span><\/div>\r\n<div class=\"column\"><span style=\"color: #000000;\">18 Ave. Universidad STE 1801 San Juan PR 00925-2512<\/span><\/div>\r\n<div>\u00a0<\/div>\r\n<div class=\"column\"><span style=\"color: #000000;\"><strong>Correo electr\u00f3nico:\u00a0<\/strong><\/span><\/div>\r\n<div class=\"column\"><span style=\"color: #ff0000;\">cipshi.degi@upr.edu<\/span><\/div>\r\n<div>\u00a0<\/div>\r\n<div class=\"column\"><span style=\"color: #000000;\"><strong>P\u00e1gina electr\u00f3nica:\u00a0<\/strong><\/span><\/div>\r\n<div class=\"column\"><a href=\"https:\/\/graduados.uprrp.edu\/decanato-auxiliar-de-investigacion\/cipshi\/\" target=\"_blank\" rel=\"noopener\"><span style=\"color: #000000;\"><span style=\"font-size: 14px;\"><span style=\"color: #ff0000;\">grad<\/span><\/span><span style=\"color: #ff0000;\"><span style=\"font-size: 14px;\">uados.uprrp<\/span><span style=\"font-size: 14px;\">.edu\/cipshi<\/span><\/span><\/span><\/a><\/div>\r\n<\/div>\r\n<\/div>\r\n<p><\/p>","protected":false},"excerpt":{"rendered":"<p>El Comit\u00e9 institucional para la protecci\u00f3n de los seres humanos en la investigaci\u00f3n (CIPSHI) es la unidad del recinto de R\u00edo Piedras responsable de evaluar y aprobar las solicitudes para llevar a cabo investigaciones con sujetos humanos. La misi\u00f3n del &hellip; <\/p>\n","protected":false},"author":9,"featured_media":0,"parent":330,"menu_order":0,"comment_status":"closed","ping_status":"closed","template":"","meta":{"_monsterinsights_skip_tracking":false,"_monsterinsights_sitenote_active":false,"_monsterinsights_sitenote_note":"","_monsterinsights_sitenote_category":0,"footnotes":""},"class_list":["post-4734","page","type-page","status-publish","hentry"],"yoast_head":"<!-- This site is optimized with the Yoast SEO plugin v27.2 - https:\/\/yoast.com\/product\/yoast-seo-wordpress\/ -->\n<title>CIPSHI - Programa de Estudios de Honor<\/title>\n<meta name=\"robots\" content=\"index, follow, max-snippet:-1, max-image-preview:large, max-video-preview:-1\" \/>\n<link rel=\"canonical\" href=\"https:\/\/academicos.uprrp.edu\/preh\/certificaciones\/cipshi\/\" \/>\n<meta property=\"og:locale\" content=\"es_ES\" \/>\n<meta property=\"og:type\" content=\"article\" \/>\n<meta property=\"og:title\" content=\"CIPSHI - Programa de Estudios de Honor\" \/>\n<meta property=\"og:description\" content=\"El Comit\u00e9 institucional para la protecci\u00f3n de los seres humanos en la investigaci\u00f3n (CIPSHI) es la unidad del recinto de R\u00edo Piedras responsable de evaluar y aprobar las solicitudes para llevar a cabo investigaciones con sujetos humanos. La misi\u00f3n del &hellip;\" \/>\n<meta property=\"og:url\" content=\"https:\/\/academicos.uprrp.edu\/preh\/certificaciones\/cipshi\/\" \/>\n<meta property=\"og:site_name\" content=\"Programa de Estudios de Honor\" \/>\n<meta property=\"article:modified_time\" content=\"2024-05-03T14:12:18+00:00\" \/>\n<meta name=\"twitter:card\" content=\"summary_large_image\" \/>\n<meta name=\"twitter:label1\" content=\"Est. reading time\" \/>\n\t<meta name=\"twitter:data1\" content=\"2 minutos\" \/>\n<script type=\"application\/ld+json\" class=\"yoast-schema-graph\">{\"@context\":\"https:\/\/schema.org\",\"@graph\":[{\"@type\":\"WebPage\",\"@id\":\"https:\/\/academicos.uprrp.edu\/preh\/certificaciones\/cipshi\/\",\"url\":\"https:\/\/academicos.uprrp.edu\/preh\/certificaciones\/cipshi\/\",\"name\":\"CIPSHI - Programa de Estudios de Honor\",\"isPartOf\":{\"@id\":\"https:\/\/academicos.uprrp.edu\/preh\/#website\"},\"datePublished\":\"2021-02-14T17:46:16+00:00\",\"dateModified\":\"2024-05-03T14:12:18+00:00\",\"breadcrumb\":{\"@id\":\"https:\/\/academicos.uprrp.edu\/preh\/certificaciones\/cipshi\/#breadcrumb\"},\"inLanguage\":\"es\",\"potentialAction\":[{\"@type\":\"ReadAction\",\"target\":[\"https:\/\/academicos.uprrp.edu\/preh\/certificaciones\/cipshi\/\"]}]},{\"@type\":\"BreadcrumbList\",\"@id\":\"https:\/\/academicos.uprrp.edu\/preh\/certificaciones\/cipshi\/#breadcrumb\",\"itemListElement\":[{\"@type\":\"ListItem\",\"position\":1,\"name\":\"Home\",\"item\":\"https:\/\/academicos.uprrp.edu\/preh\/\"},{\"@type\":\"ListItem\",\"position\":2,\"name\":\"Documentos Oficiales y Pol\u00edticas\",\"item\":\"https:\/\/academicos.uprrp.edu\/preh\/certificaciones\/\"},{\"@type\":\"ListItem\",\"position\":3,\"name\":\"CIPSHI\"}]},{\"@type\":\"WebSite\",\"@id\":\"https:\/\/academicos.uprrp.edu\/preh\/#website\",\"url\":\"https:\/\/academicos.uprrp.edu\/preh\/\",\"name\":\"Programa de Estudios de Honor\",\"description\":\"\",\"potentialAction\":[{\"@type\":\"SearchAction\",\"target\":{\"@type\":\"EntryPoint\",\"urlTemplate\":\"https:\/\/academicos.uprrp.edu\/preh\/?s={search_term_string}\"},\"query-input\":{\"@type\":\"PropertyValueSpecification\",\"valueRequired\":true,\"valueName\":\"search_term_string\"}}],\"inLanguage\":\"es\"}]}<\/script>\n<!-- \/ Yoast SEO plugin. -->","yoast_head_json":{"title":"CIPSHI - Programa de Estudios de Honor","robots":{"index":"index","follow":"follow","max-snippet":"max-snippet:-1","max-image-preview":"max-image-preview:large","max-video-preview":"max-video-preview:-1"},"canonical":"https:\/\/academicos.uprrp.edu\/preh\/certificaciones\/cipshi\/","og_locale":"es_ES","og_type":"article","og_title":"CIPSHI - Programa de Estudios de Honor","og_description":"El Comit\u00e9 institucional para la protecci\u00f3n de los seres humanos en la investigaci\u00f3n (CIPSHI) es la unidad del recinto de R\u00edo Piedras responsable de evaluar y aprobar las solicitudes para llevar a cabo investigaciones con sujetos humanos. La misi\u00f3n del &hellip;","og_url":"https:\/\/academicos.uprrp.edu\/preh\/certificaciones\/cipshi\/","og_site_name":"Programa de Estudios de Honor","article_modified_time":"2024-05-03T14:12:18+00:00","twitter_card":"summary_large_image","twitter_misc":{"Est. reading time":"2 minutos"},"schema":{"@context":"https:\/\/schema.org","@graph":[{"@type":"WebPage","@id":"https:\/\/academicos.uprrp.edu\/preh\/certificaciones\/cipshi\/","url":"https:\/\/academicos.uprrp.edu\/preh\/certificaciones\/cipshi\/","name":"CIPSHI - Programa de Estudios de Honor","isPartOf":{"@id":"https:\/\/academicos.uprrp.edu\/preh\/#website"},"datePublished":"2021-02-14T17:46:16+00:00","dateModified":"2024-05-03T14:12:18+00:00","breadcrumb":{"@id":"https:\/\/academicos.uprrp.edu\/preh\/certificaciones\/cipshi\/#breadcrumb"},"inLanguage":"es","potentialAction":[{"@type":"ReadAction","target":["https:\/\/academicos.uprrp.edu\/preh\/certificaciones\/cipshi\/"]}]},{"@type":"BreadcrumbList","@id":"https:\/\/academicos.uprrp.edu\/preh\/certificaciones\/cipshi\/#breadcrumb","itemListElement":[{"@type":"ListItem","position":1,"name":"Home","item":"https:\/\/academicos.uprrp.edu\/preh\/"},{"@type":"ListItem","position":2,"name":"Documentos Oficiales y Pol\u00edticas","item":"https:\/\/academicos.uprrp.edu\/preh\/certificaciones\/"},{"@type":"ListItem","position":3,"name":"CIPSHI"}]},{"@type":"WebSite","@id":"https:\/\/academicos.uprrp.edu\/preh\/#website","url":"https:\/\/academicos.uprrp.edu\/preh\/","name":"Programa de Estudios de Honor","description":"","potentialAction":[{"@type":"SearchAction","target":{"@type":"EntryPoint","urlTemplate":"https:\/\/academicos.uprrp.edu\/preh\/?s={search_term_string}"},"query-input":{"@type":"PropertyValueSpecification","valueRequired":true,"valueName":"search_term_string"}}],"inLanguage":"es"}]}},"_links":{"self":[{"href":"https:\/\/academicos.uprrp.edu\/preh\/wp-json\/wp\/v2\/pages\/4734","targetHints":{"allow":["GET"]}}],"collection":[{"href":"https:\/\/academicos.uprrp.edu\/preh\/wp-json\/wp\/v2\/pages"}],"about":[{"href":"https:\/\/academicos.uprrp.edu\/preh\/wp-json\/wp\/v2\/types\/page"}],"author":[{"embeddable":true,"href":"https:\/\/academicos.uprrp.edu\/preh\/wp-json\/wp\/v2\/users\/9"}],"replies":[{"embeddable":true,"href":"https:\/\/academicos.uprrp.edu\/preh\/wp-json\/wp\/v2\/comments?post=4734"}],"version-history":[{"count":3,"href":"https:\/\/academicos.uprrp.edu\/preh\/wp-json\/wp\/v2\/pages\/4734\/revisions"}],"predecessor-version":[{"id":10920,"href":"https:\/\/academicos.uprrp.edu\/preh\/wp-json\/wp\/v2\/pages\/4734\/revisions\/10920"}],"up":[{"embeddable":true,"href":"https:\/\/academicos.uprrp.edu\/preh\/wp-json\/wp\/v2\/pages\/330"}],"wp:attachment":[{"href":"https:\/\/academicos.uprrp.edu\/preh\/wp-json\/wp\/v2\/media?parent=4734"}],"curies":[{"name":"wp","href":"https:\/\/api.w.org\/{rel}","templated":true}]}}