{"id":2732,"date":"2019-11-08T15:07:13","date_gmt":"2019-11-08T19:07:13","guid":{"rendered":"http:\/\/preh.uprrp.edu\/?page_id=2732"},"modified":"2024-05-02T14:49:13","modified_gmt":"2024-05-02T18:49:13","slug":"facultad-de-ciencias-sociales","status":"publish","type":"page","link":"https:\/\/academicos.uprrp.edu\/preh\/facultad\/facultad-de-ciencias-sociales\/","title":{"rendered":"Facultad de Ciencias Sociales"},"content":{"rendered":"\n<table id=\"tablepress-23\" class=\"tablepress tablepress-id-23\">\n<thead>\n<tr class=\"row-1\">\n\t<th class=\"column-1\">DOCENTE<\/th><th class=\"column-2\">MENTOR(A)<\/th><th class=\"column-3\">LECTOR(A)<\/th><td class=\"column-4\"><\/td>\n<\/tr>\n<\/thead>\n<tbody class=\"row-striping row-hover\">\n<tr class=\"row-2\">\n\t<td class=\"column-1\">Eduardo Cumba Avil\u00e9s<br \/>\nDepartamento de Instituto de Investigaci\u00f3n Psicol\u00f3gica<br \/>\nCorreo electr\u00f3nico:\u00a0eduardo.cumba1@upr.edu<br \/>\n\u00c1reas de investigaci\u00f3n:\u00a0Aspectos psicol\u00f3gicos y sociol\u00f3gicos de la diabetes; Children\u2019s Depression Inventory-2 con adolescentes de Puerto Rico<\/td><td class=\"column-2\"><\/td><td class=\"column-3\">\u2713\u00a0<\/td><td class=\"column-4\"><\/td>\n<\/tr>\n<tr class=\"row-3\">\n\t<td class=\"column-1\">Johana Mart\u00ednez Rosario<br \/>\nDepartamento de Psicolog\u00eda<br \/>\nCorreo electr\u00f3nico:\u00a0johana.martinezrosario@upr.edu<br \/>\n\u00c1reas de investigaci\u00f3n:\u00a0Cibercultura; Seguridad digital; Conexiones mediadas por computadora; La investigaci\u00f3n como proceso educativo; \u00c9tica; Comunidades virtuales; Redes sociales; Culturas de inovaci\u00f3n y Tribalismo<\/td><td class=\"column-2\">\u2713<\/td><td class=\"column-3\">\u2713<\/td><td class=\"column-4\"><\/td>\n<\/tr>\n<tr class=\"row-4\">\n\t<td class=\"column-1\">Iv\u00e1n de Jes\u00fas Rosa<br \/>\nDepartamento de Trabajo Social<br \/>\nCorreo electr\u00f3nico:\u00a0ivan.dejesus@upr.edu<br \/>\n\u00c1reas de investigaci\u00f3n:\u00a0Ni\u00f1ez y Juventud; Derechos Humanos; Maltrato Infanto-juvenil; Trabajo Social<\/td><td class=\"column-2\">\u2713<\/td><td class=\"column-3\">\u2713<\/td><td class=\"column-4\"><\/td>\n<\/tr>\n<tr class=\"row-5\">\n\t<td class=\"column-1\">Heidi J. Figueroa Sarriera<br \/>\nDepartamento de Psicolog\u00eda<br \/>\nCorreo electr\u00f3nico:\u00a0heidi.figueroa@upr.edu<br \/>\n\u00c1reas de investigaci\u00f3n:\u00a0Tecnolog\u00eda digital y cambios en la vida cotidiana, el cuerpo y la subjetividad; Metodolog\u00edas cualitativas y Teor\u00eda psicosocial<\/td><td class=\"column-2\">\u2713\u00a0<\/td><td class=\"column-3\">\u2713\u00a0<\/td><td class=\"column-4\"><\/td>\n<\/tr>\n<tr class=\"row-6\">\n\t<td class=\"column-1\">Otomie Vale<br \/>\nDepartamento de Psicolog\u00eda<br \/>\nCorreo electr\u00f3nico:\u00a0otomie.vale@upr.edu<br \/>\n\u00c1reas de investigaci\u00f3n:\u00a0G\u00e9nero, desarrollo y tecnolog\u00eda<\/td><td class=\"column-2\"><\/td><td class=\"column-3\">\u2713<\/td><td class=\"column-4\"><\/td>\n<\/tr>\n<tr class=\"row-7\">\n\t<td class=\"column-1\">Yarimar Rosa Rodriguez<br \/>\nInstituto de Investigaci\u00f3n Psicol\u00f3gica<br \/>\nCorreo electr\u00f3nico:\u00a0yarimar.rosa@upr.edu<br \/>\n\u00c1reas de investigaci\u00f3n:\u00a0G\u00e9nero; Feminismo; Salud de la mujer; M\u00e9todos cualitativos y mixtos de investigaci\u00f3n<\/td><td class=\"column-2\">\u2713\u00a0<\/td><td class=\"column-3\"><\/td><td class=\"column-4\"><\/td>\n<\/tr>\n<tr class=\"row-8\">\n\t<td class=\"column-1\">Elithet Silva<br \/>\nEscuela Graduada de Trabajo Social<br \/>\nCorreo electr\u00f3nico:\u00a0elithet.silva@upr.edu<br \/>\n\u00c1reas de investigaci\u00f3n:\u00a0Conversaci\u00f3n intergeneracional entre ni\u00f1xs y adultxs mayores en torno a los derechos de las ni\u00f1as utilizando el arte<\/td><td class=\"column-2\">\u2713\u00a0<\/td><td class=\"column-3\"><\/td><td class=\"column-4\"><\/td>\n<\/tr>\n<tr class=\"row-9\">\n\t<td class=\"column-1\">Iyari R\u00edos Gonz\u00e1lez<br \/>\nDepartamento de Instituto de Relaciones del Trabajo<br \/>\nCorreo electr\u00f3nico:\u00a0iyari.riosgonzalez@upr.edu<br \/>\n\u00c1reas de investigaci\u00f3n:\u00a0Historia del Movimiento Obrero; Econom\u00eda Laboral; Estudios del Trabajo<\/td><td class=\"column-2\">\u2713<\/td><td class=\"column-3\">\u2713<\/td><td class=\"column-4\"><\/td>\n<\/tr>\n<tr class=\"row-10\">\n\t<td class=\"column-1\">Julie F. Mart\u00ednez Santiago<br \/>\nInstituto de Relaciones del Trabajo<br \/>\nCorreo electr\u00f3nico:\u00a0julie.martinez@upr.edu<br \/>\n\u00c1reas de investigaci\u00f3n: Relaciones laborales y obrero patronales.<\/td><td class=\"column-2\">\u2713<\/td><td class=\"column-3\">\u2713<\/td><td class=\"column-4\"><\/td>\n<\/tr>\n<tr class=\"row-11\">\n\t<td class=\"column-1\">Alexandra Rodr\u00edguez Romero<br \/>\nPsicolog\u00eda<br \/>\nCorreo electr\u00f3nico: alexandra.rodriguez7@upr.edu<br \/>\n\u00c1reas de investigaci\u00f3n:\u00a0Cambio social y cultural, capital social, desarrollo comunitario, adicciones a drogas.<\/td><td class=\"column-2\">\u2713<\/td><td class=\"column-3\">\u2713<\/td><td class=\"column-4\"><\/td>\n<\/tr>\n<tr class=\"row-12\">\n\t<td class=\"column-1\">Yovanka Bultr\u00f3n Agosto<br \/>\nCiencias Sociales , Psicolog\u00eda<br \/>\nCorreo electr\u00f3nico: yovanka.bultronagosto@upr.edu<br \/>\n\u00c1reas de investigaci\u00f3n: L\u00edneas o intereses de investigaci\u00f3n:<br \/>\n<br \/>\nAlfabetizaci\u00f3n en Salud Mental; Promoci\u00f3n y Prevenci\u00f3n en salud (f\u00edsica, psicoemocional, mental y social); Cognici\u00f3n Social; Estigmas, Auto estigmas, Estereotipos, Prejuicios y Discriminaci\u00f3n; temas sociales y comunitarios; temas relacionados a la salud mental; violencia; sexualidad (sexo, g\u00e9nero, identidad de g\u00e9nero, expresi\u00f3n del g\u00e9nero, orientaci\u00f3n sexual); prostituci\u00f3n, entre otros temas.<\/td><td class=\"column-2\"><\/td><td class=\"column-3\">\u2713<\/td><td class=\"column-4\"><\/td>\n<\/tr>\n<tr class=\"row-13\">\n\t<td class=\"column-1\">Federico Subervi V\u00e9lez, PhD<br \/>\nComunicaci\u00f3n Pol\u00edtica<br \/>\nCorreo electr\u00f3nico: subervif@gmail.com<br \/>\nL\u00edneas de investigaci\u00f3n:<br \/>\n\u2022 historia y actualidad de la comunicaci\u00f3n pol\u00edtica de Puerto Rico<br \/>\n\u2022 an\u00e1lisis de contenido de noticias, columnas de opini\u00f3n y anuncios\/propaganda pol\u00edtica<br \/>\n\u2022 teor\u00edas de comunicaci\u00f3n pol\u00edtica<br \/>\n\u2022 comunicaci\u00f3n pol\u00edtica en Am\u00e9rica Latina<\/td><td class=\"column-2\">\u2713<\/td><td class=\"column-3\"><\/td><td class=\"column-4\"><\/td>\n<\/tr>\n<\/tbody>\n<\/table>\n<!-- #tablepress-23 from cache -->\n","protected":false},"excerpt":{"rendered":"","protected":false},"author":9,"featured_media":0,"parent":345,"menu_order":0,"comment_status":"closed","ping_status":"closed","template":"","meta":{"_monsterinsights_skip_tracking":false,"_monsterinsights_sitenote_active":false,"_monsterinsights_sitenote_note":"","_monsterinsights_sitenote_category":0,"footnotes":""},"class_list":["post-2732","page","type-page","status-publish","hentry"],"yoast_head":"<!-- This site is optimized with the Yoast SEO plugin v27.2 - https:\/\/yoast.com\/product\/yoast-seo-wordpress\/ -->\n<title>Facultad de Ciencias Sociales - Programa de Estudios de Honor<\/title>\n<meta name=\"robots\" content=\"index, follow, max-snippet:-1, max-image-preview:large, max-video-preview:-1\" \/>\n<link rel=\"canonical\" href=\"https:\/\/academicos.uprrp.edu\/preh\/facultad\/facultad-de-ciencias-sociales\/\" \/>\n<meta property=\"og:locale\" content=\"es_ES\" \/>\n<meta property=\"og:type\" content=\"article\" \/>\n<meta property=\"og:title\" content=\"Facultad de Ciencias Sociales - Programa de Estudios de Honor\" \/>\n<meta property=\"og:url\" content=\"https:\/\/academicos.uprrp.edu\/preh\/facultad\/facultad-de-ciencias-sociales\/\" \/>\n<meta property=\"og:site_name\" content=\"Programa de Estudios de Honor\" \/>\n<meta property=\"article:modified_time\" content=\"2024-05-02T18:49:13+00:00\" \/>\n<meta name=\"twitter:card\" content=\"summary_large_image\" \/>\n<meta name=\"twitter:label1\" content=\"Est. reading time\" \/>\n\t<meta name=\"twitter:data1\" content=\"1 minuto\" \/>\n<script type=\"application\/ld+json\" class=\"yoast-schema-graph\">{\"@context\":\"https:\/\/schema.org\",\"@graph\":[{\"@type\":\"WebPage\",\"@id\":\"https:\/\/academicos.uprrp.edu\/preh\/facultad\/facultad-de-ciencias-sociales\/\",\"url\":\"https:\/\/academicos.uprrp.edu\/preh\/facultad\/facultad-de-ciencias-sociales\/\",\"name\":\"Facultad de Ciencias Sociales - Programa de Estudios de Honor\",\"isPartOf\":{\"@id\":\"https:\/\/academicos.uprrp.edu\/preh\/#website\"},\"datePublished\":\"2019-11-08T19:07:13+00:00\",\"dateModified\":\"2024-05-02T18:49:13+00:00\",\"breadcrumb\":{\"@id\":\"https:\/\/academicos.uprrp.edu\/preh\/facultad\/facultad-de-ciencias-sociales\/#breadcrumb\"},\"inLanguage\":\"es\",\"potentialAction\":[{\"@type\":\"ReadAction\",\"target\":[\"https:\/\/academicos.uprrp.edu\/preh\/facultad\/facultad-de-ciencias-sociales\/\"]}]},{\"@type\":\"BreadcrumbList\",\"@id\":\"https:\/\/academicos.uprrp.edu\/preh\/facultad\/facultad-de-ciencias-sociales\/#breadcrumb\",\"itemListElement\":[{\"@type\":\"ListItem\",\"position\":1,\"name\":\"Home\",\"item\":\"https:\/\/academicos.uprrp.edu\/preh\/\"},{\"@type\":\"ListItem\",\"position\":2,\"name\":\"Docentes Colaboradores\",\"item\":\"https:\/\/academicos.uprrp.edu\/preh\/facultad\/\"},{\"@type\":\"ListItem\",\"position\":3,\"name\":\"Facultad de Ciencias Sociales\"}]},{\"@type\":\"WebSite\",\"@id\":\"https:\/\/academicos.uprrp.edu\/preh\/#website\",\"url\":\"https:\/\/academicos.uprrp.edu\/preh\/\",\"name\":\"Programa de Estudios de Honor\",\"description\":\"\",\"potentialAction\":[{\"@type\":\"SearchAction\",\"target\":{\"@type\":\"EntryPoint\",\"urlTemplate\":\"https:\/\/academicos.uprrp.edu\/preh\/?s={search_term_string}\"},\"query-input\":{\"@type\":\"PropertyValueSpecification\",\"valueRequired\":true,\"valueName\":\"search_term_string\"}}],\"inLanguage\":\"es\"}]}<\/script>\n<!-- \/ Yoast SEO plugin. -->","yoast_head_json":{"title":"Facultad de Ciencias Sociales - Programa de Estudios de Honor","robots":{"index":"index","follow":"follow","max-snippet":"max-snippet:-1","max-image-preview":"max-image-preview:large","max-video-preview":"max-video-preview:-1"},"canonical":"https:\/\/academicos.uprrp.edu\/preh\/facultad\/facultad-de-ciencias-sociales\/","og_locale":"es_ES","og_type":"article","og_title":"Facultad de Ciencias Sociales - Programa de Estudios de Honor","og_url":"https:\/\/academicos.uprrp.edu\/preh\/facultad\/facultad-de-ciencias-sociales\/","og_site_name":"Programa de Estudios de Honor","article_modified_time":"2024-05-02T18:49:13+00:00","twitter_card":"summary_large_image","twitter_misc":{"Est. reading time":"1 minuto"},"schema":{"@context":"https:\/\/schema.org","@graph":[{"@type":"WebPage","@id":"https:\/\/academicos.uprrp.edu\/preh\/facultad\/facultad-de-ciencias-sociales\/","url":"https:\/\/academicos.uprrp.edu\/preh\/facultad\/facultad-de-ciencias-sociales\/","name":"Facultad de Ciencias Sociales - Programa de Estudios de Honor","isPartOf":{"@id":"https:\/\/academicos.uprrp.edu\/preh\/#website"},"datePublished":"2019-11-08T19:07:13+00:00","dateModified":"2024-05-02T18:49:13+00:00","breadcrumb":{"@id":"https:\/\/academicos.uprrp.edu\/preh\/facultad\/facultad-de-ciencias-sociales\/#breadcrumb"},"inLanguage":"es","potentialAction":[{"@type":"ReadAction","target":["https:\/\/academicos.uprrp.edu\/preh\/facultad\/facultad-de-ciencias-sociales\/"]}]},{"@type":"BreadcrumbList","@id":"https:\/\/academicos.uprrp.edu\/preh\/facultad\/facultad-de-ciencias-sociales\/#breadcrumb","itemListElement":[{"@type":"ListItem","position":1,"name":"Home","item":"https:\/\/academicos.uprrp.edu\/preh\/"},{"@type":"ListItem","position":2,"name":"Docentes Colaboradores","item":"https:\/\/academicos.uprrp.edu\/preh\/facultad\/"},{"@type":"ListItem","position":3,"name":"Facultad de Ciencias Sociales"}]},{"@type":"WebSite","@id":"https:\/\/academicos.uprrp.edu\/preh\/#website","url":"https:\/\/academicos.uprrp.edu\/preh\/","name":"Programa de Estudios de Honor","description":"","potentialAction":[{"@type":"SearchAction","target":{"@type":"EntryPoint","urlTemplate":"https:\/\/academicos.uprrp.edu\/preh\/?s={search_term_string}"},"query-input":{"@type":"PropertyValueSpecification","valueRequired":true,"valueName":"search_term_string"}}],"inLanguage":"es"}]}},"_links":{"self":[{"href":"https:\/\/academicos.uprrp.edu\/preh\/wp-json\/wp\/v2\/pages\/2732","targetHints":{"allow":["GET"]}}],"collection":[{"href":"https:\/\/academicos.uprrp.edu\/preh\/wp-json\/wp\/v2\/pages"}],"about":[{"href":"https:\/\/academicos.uprrp.edu\/preh\/wp-json\/wp\/v2\/types\/page"}],"author":[{"embeddable":true,"href":"https:\/\/academicos.uprrp.edu\/preh\/wp-json\/wp\/v2\/users\/9"}],"replies":[{"embeddable":true,"href":"https:\/\/academicos.uprrp.edu\/preh\/wp-json\/wp\/v2\/comments?post=2732"}],"version-history":[{"count":1,"href":"https:\/\/academicos.uprrp.edu\/preh\/wp-json\/wp\/v2\/pages\/2732\/revisions"}],"predecessor-version":[{"id":10833,"href":"https:\/\/academicos.uprrp.edu\/preh\/wp-json\/wp\/v2\/pages\/2732\/revisions\/10833"}],"up":[{"embeddable":true,"href":"https:\/\/academicos.uprrp.edu\/preh\/wp-json\/wp\/v2\/pages\/345"}],"wp:attachment":[{"href":"https:\/\/academicos.uprrp.edu\/preh\/wp-json\/wp\/v2\/media?parent=2732"}],"curies":[{"name":"wp","href":"https:\/\/api.w.org\/{rel}","templated":true}]}}

<table id="tablepress-23" class="tablepress tablepress-id-23">
<thead>
<tr class="row-1">
	<th class="column-1">DOCENTE</th><th class="column-2">MENTOR(A)</th><th class="column-3">LECTOR(A)</th><td class="column-4"></td>
</tr>
</thead>
<tbody class="row-striping row-hover">
<tr class="row-2">
	<td class="column-1">Eduardo Cumba Avilés<br />
Departamento de Instituto de Investigación Psicológica<br />
Correo electrónico: eduardo.cumba1@upr.edu<br />
Áreas de investigación: Aspectos psicológicos y sociológicos de la diabetes; Children’s Depression Inventory-2 con adolescentes de Puerto Rico</td><td class="column-2"></td><td class="column-3">✓ </td><td class="column-4"></td>
</tr>
<tr class="row-3">
	<td class="column-1">Johana Martínez Rosario<br />
Departamento de Psicología<br />
Correo electrónico: johana.martinezrosario@upr.edu<br />
Áreas de investigación: Cibercultura; Seguridad digital; Conexiones mediadas por computadora; La investigación como proceso educativo; Ética; Comunidades virtuales; Redes sociales; Culturas de inovación y Tribalismo</td><td class="column-2">✓</td><td class="column-3">✓</td><td class="column-4"></td>
</tr>
<tr class="row-4">
	<td class="column-1">Iván de Jesús Rosa<br />
Departamento de Trabajo Social<br />
Correo electrónico: ivan.dejesus@upr.edu<br />
Áreas de investigación: Niñez y Juventud; Derechos Humanos; Maltrato Infanto-juvenil; Trabajo Social</td><td class="column-2">✓</td><td class="column-3">✓</td><td class="column-4"></td>
</tr>
<tr class="row-5">
	<td class="column-1">Heidi J. Figueroa Sarriera<br />
Departamento de Psicología<br />
Correo electrónico: heidi.figueroa@upr.edu<br />
Áreas de investigación: Tecnología digital y cambios en la vida cotidiana, el cuerpo y la subjetividad; Metodologías cualitativas y Teoría psicosocial</td><td class="column-2">✓ </td><td class="column-3">✓ </td><td class="column-4"></td>
</tr>
<tr class="row-6">
	<td class="column-1">Otomie Vale<br />
Departamento de Psicología<br />
Correo electrónico: otomie.vale@upr.edu<br />
Áreas de investigación: Género, desarrollo y tecnología</td><td class="column-2"></td><td class="column-3">✓</td><td class="column-4"></td>
</tr>
<tr class="row-7">
	<td class="column-1">Yarimar Rosa Rodriguez<br />
Instituto de Investigación Psicológica<br />
Correo electrónico: yarimar.rosa@upr.edu<br />
Áreas de investigación: Género; Feminismo; Salud de la mujer; Métodos cualitativos y mixtos de investigación</td><td class="column-2">✓ </td><td class="column-3"></td><td class="column-4"></td>
</tr>
<tr class="row-8">
	<td class="column-1">Elithet Silva<br />
Escuela Graduada de Trabajo Social<br />
Correo electrónico: elithet.silva@upr.edu<br />
Áreas de investigación: Conversación intergeneracional entre niñxs y adultxs mayores en torno a los derechos de las niñas utilizando el arte</td><td class="column-2">✓ </td><td class="column-3"></td><td class="column-4"></td>
</tr>
<tr class="row-9">
	<td class="column-1">Iyari Ríos González<br />
Departamento de Instituto de Relaciones del Trabajo<br />
Correo electrónico: iyari.riosgonzalez@upr.edu<br />
Áreas de investigación: Historia del Movimiento Obrero; Economía Laboral; Estudios del Trabajo</td><td class="column-2">✓</td><td class="column-3">✓</td><td class="column-4"></td>
</tr>
<tr class="row-10">
	<td class="column-1">Julie F. Martínez Santiago<br />
Instituto de Relaciones del Trabajo<br />
Correo electrónico: julie.martinez@upr.edu<br />
Áreas de investigación: Relaciones laborales y obrero patronales.</td><td class="column-2">✓</td><td class="column-3">✓</td><td class="column-4"></td>
</tr>
<tr class="row-11">
	<td class="column-1">Alexandra Rodríguez Romero<br />
Psicología<br />
Correo electrónico: alexandra.rodriguez7@upr.edu<br />
Áreas de investigación: Cambio social y cultural, capital social, desarrollo comunitario, adicciones a drogas.</td><td class="column-2">✓</td><td class="column-3">✓</td><td class="column-4"></td>
</tr>
<tr class="row-12">
	<td class="column-1">Yovanka Bultrón Agosto<br />
Ciencias Sociales , Psicología<br />
Correo electrónico: yovanka.bultronagosto@upr.edu<br />
Áreas de investigación: Líneas o intereses de investigación:<br />
<br />
Alfabetización en Salud Mental; Promoción y Prevención en salud (física, psicoemocional, mental y social); Cognición Social; Estigmas, Auto estigmas, Estereotipos, Prejuicios y Discriminación; temas sociales y comunitarios; temas relacionados a la salud mental; violencia; sexualidad (sexo, género, identidad de género, expresión del género, orientación sexual); prostitución, entre otros temas.</td><td class="column-2"></td><td class="column-3">✓</td><td class="column-4"></td>
</tr>
<tr class="row-13">
	<td class="column-1">Federico Subervi Vélez, PhD<br />
Comunicación Política<br />
Correo electrónico: subervif@gmail.com<br />
Líneas de investigación:<br />
• historia y actualidad de la comunicación política de Puerto Rico<br />
• análisis de contenido de noticias, columnas de opinión y anuncios/propaganda política<br />
• teorías de comunicación política<br />
• comunicación política en América Latina</td><td class="column-2">✓</td><td class="column-3"></td><td class="column-4"></td>
</tr>
</tbody>
</table>
<!-- #tablepress-23 from cache -->
