{"id":2719,"date":"2019-11-08T14:36:22","date_gmt":"2019-11-08T18:36:22","guid":{"rendered":"http:\/\/preh.uprrp.edu\/?page_id=2719"},"modified":"2024-05-02T14:45:33","modified_gmt":"2024-05-02T18:45:33","slug":"facultad-de-administracion-de-empresas","status":"publish","type":"page","link":"https:\/\/academicos.uprrp.edu\/preh\/facultad\/facultad-de-administracion-de-empresas\/","title":{"rendered":"Facultad de Administraci\u00f3n de Empresas"},"content":{"rendered":"\n<table id=\"tablepress-26\" class=\"tablepress tablepress-id-26\">\n<thead>\n<tr class=\"row-1\">\n\t<th class=\"column-1\">DOCENTE<\/th><th class=\"column-2\">MENTOR(A)<\/th><th class=\"column-3\">LECTOR(A)<\/th>\n<\/tr>\n<\/thead>\n<tbody class=\"row-striping row-hover\">\n<tr class=\"row-2\">\n\t<td class=\"column-1\">Arleen Her\u00e1ndez D\u00edaz<br \/>\nDepartamento de Gerencia<br \/>\nCorreo electr\u00f3nico: arleen.hernandez1@upr.edu<br \/>\n\u00c1reas de investigaci\u00f3n: Gerencia de Recursos Humanos; Negociaci\u00f3n colectiva; Mobilidad; Emprendimiento<\/td><td class=\"column-2\">\u2713 <\/td><td class=\"column-3\">\u2713 <\/td>\n<\/tr>\n<tr class=\"row-3\">\n\t<td class=\"column-1\">\u00c1ngel Carri\u00f3n Tav\u00e1rez<br \/>\nCentro de Investigaciones Comerciales e Iniciativas Acad\u00e9micas<br \/>\nCorreo electr\u00f3nico: angel.carrion@upr.edu<br \/>\n\u00c1reas de investigaci\u00f3n: Visiones del lugar y el momento a trav\u00e9s de la m\u00fasica; Conexiones geogr\u00e1ficas, ling\u00fc\u00edsticas y pedag\u00f3gicas de la m\u00fasica popular; Nuevos m\u00e9todos de producci\u00f3n, difusi\u00f3n y mercadeo de grabaciones musicales; Impulsores del emprendimiento de micro y peque\u00f1as empresas; Desarrollo empresarial y sus efectos culturales y sociales; Perspectivas \u00e9ticas en el entorno profesional; Cartograf\u00edas alternativas con sistemas de informaci\u00f3n geogr\u00e1fica; Comportamiento y predictibilidad de las acciones comunes y las criptomonedas; Desarrollos en ciberseguridad, cultura c\u00edborg y rob\u00f3tica y sus implicaciones; Interacciones entre lengua e identidad; Novedades y pr\u00e1cticas en las humanidades digitales; Competencia intercultural y perspectivas de la paz<\/td><td class=\"column-2\">\u2713 <\/td><td class=\"column-3\">\u2713 <\/td>\n<\/tr>\n<tr class=\"row-4\">\n\t<td class=\"column-1\">Juan Pena Hevia<br \/>\nComunicaci\u00f3n Empresarial<br \/>\nCorreo electr\u00f3nico: juan.pena2@upr.edu<br \/>\n\u00c1reas de investigaci\u00f3n: Comunicaci\u00f3n digital <\/td><td class=\"column-2\">\u2713 <\/td><td class=\"column-3\">\u2713 <\/td>\n<\/tr>\n<\/tbody>\n<\/table>\n<!-- #tablepress-26 from cache -->\n","protected":false},"excerpt":{"rendered":"","protected":false},"author":9,"featured_media":0,"parent":345,"menu_order":0,"comment_status":"closed","ping_status":"closed","template":"","meta":{"_monsterinsights_skip_tracking":false,"_monsterinsights_sitenote_active":false,"_monsterinsights_sitenote_note":"","_monsterinsights_sitenote_category":0,"footnotes":""},"class_list":["post-2719","page","type-page","status-publish","hentry"],"yoast_head":"<!-- This site is optimized with the Yoast SEO plugin v27.2 - https:\/\/yoast.com\/product\/yoast-seo-wordpress\/ -->\n<title>Facultad de Administraci\u00f3n de Empresas - Programa de Estudios de Honor<\/title>\n<meta name=\"robots\" content=\"index, follow, max-snippet:-1, max-image-preview:large, max-video-preview:-1\" \/>\n<link rel=\"canonical\" href=\"https:\/\/academicos.uprrp.edu\/preh\/facultad\/facultad-de-administracion-de-empresas\/\" \/>\n<meta property=\"og:locale\" content=\"es_ES\" \/>\n<meta property=\"og:type\" content=\"article\" \/>\n<meta property=\"og:title\" content=\"Facultad de Administraci\u00f3n de Empresas - Programa de Estudios de Honor\" \/>\n<meta property=\"og:url\" content=\"https:\/\/academicos.uprrp.edu\/preh\/facultad\/facultad-de-administracion-de-empresas\/\" \/>\n<meta property=\"og:site_name\" content=\"Programa de Estudios de Honor\" \/>\n<meta property=\"article:modified_time\" content=\"2024-05-02T18:45:33+00:00\" \/>\n<meta name=\"twitter:card\" content=\"summary_large_image\" \/>\n<meta name=\"twitter:label1\" content=\"Est. reading time\" \/>\n\t<meta name=\"twitter:data1\" content=\"1 minuto\" \/>\n<script type=\"application\/ld+json\" class=\"yoast-schema-graph\">{\"@context\":\"https:\/\/schema.org\",\"@graph\":[{\"@type\":\"WebPage\",\"@id\":\"https:\/\/academicos.uprrp.edu\/preh\/facultad\/facultad-de-administracion-de-empresas\/\",\"url\":\"https:\/\/academicos.uprrp.edu\/preh\/facultad\/facultad-de-administracion-de-empresas\/\",\"name\":\"Facultad de Administraci\u00f3n de Empresas - Programa de Estudios de Honor\",\"isPartOf\":{\"@id\":\"https:\/\/academicos.uprrp.edu\/preh\/#website\"},\"datePublished\":\"2019-11-08T18:36:22+00:00\",\"dateModified\":\"2024-05-02T18:45:33+00:00\",\"breadcrumb\":{\"@id\":\"https:\/\/academicos.uprrp.edu\/preh\/facultad\/facultad-de-administracion-de-empresas\/#breadcrumb\"},\"inLanguage\":\"es\",\"potentialAction\":[{\"@type\":\"ReadAction\",\"target\":[\"https:\/\/academicos.uprrp.edu\/preh\/facultad\/facultad-de-administracion-de-empresas\/\"]}]},{\"@type\":\"BreadcrumbList\",\"@id\":\"https:\/\/academicos.uprrp.edu\/preh\/facultad\/facultad-de-administracion-de-empresas\/#breadcrumb\",\"itemListElement\":[{\"@type\":\"ListItem\",\"position\":1,\"name\":\"Home\",\"item\":\"https:\/\/academicos.uprrp.edu\/preh\/\"},{\"@type\":\"ListItem\",\"position\":2,\"name\":\"Docentes Colaboradores\",\"item\":\"https:\/\/academicos.uprrp.edu\/preh\/facultad\/\"},{\"@type\":\"ListItem\",\"position\":3,\"name\":\"Facultad de Administraci\u00f3n de Empresas\"}]},{\"@type\":\"WebSite\",\"@id\":\"https:\/\/academicos.uprrp.edu\/preh\/#website\",\"url\":\"https:\/\/academicos.uprrp.edu\/preh\/\",\"name\":\"Programa de Estudios de Honor\",\"description\":\"\",\"potentialAction\":[{\"@type\":\"SearchAction\",\"target\":{\"@type\":\"EntryPoint\",\"urlTemplate\":\"https:\/\/academicos.uprrp.edu\/preh\/?s={search_term_string}\"},\"query-input\":{\"@type\":\"PropertyValueSpecification\",\"valueRequired\":true,\"valueName\":\"search_term_string\"}}],\"inLanguage\":\"es\"}]}<\/script>\n<!-- \/ Yoast SEO plugin. -->","yoast_head_json":{"title":"Facultad de Administraci\u00f3n de Empresas - Programa de Estudios de Honor","robots":{"index":"index","follow":"follow","max-snippet":"max-snippet:-1","max-image-preview":"max-image-preview:large","max-video-preview":"max-video-preview:-1"},"canonical":"https:\/\/academicos.uprrp.edu\/preh\/facultad\/facultad-de-administracion-de-empresas\/","og_locale":"es_ES","og_type":"article","og_title":"Facultad de Administraci\u00f3n de Empresas - Programa de Estudios de Honor","og_url":"https:\/\/academicos.uprrp.edu\/preh\/facultad\/facultad-de-administracion-de-empresas\/","og_site_name":"Programa de Estudios de Honor","article_modified_time":"2024-05-02T18:45:33+00:00","twitter_card":"summary_large_image","twitter_misc":{"Est. reading time":"1 minuto"},"schema":{"@context":"https:\/\/schema.org","@graph":[{"@type":"WebPage","@id":"https:\/\/academicos.uprrp.edu\/preh\/facultad\/facultad-de-administracion-de-empresas\/","url":"https:\/\/academicos.uprrp.edu\/preh\/facultad\/facultad-de-administracion-de-empresas\/","name":"Facultad de Administraci\u00f3n de Empresas - Programa de Estudios de Honor","isPartOf":{"@id":"https:\/\/academicos.uprrp.edu\/preh\/#website"},"datePublished":"2019-11-08T18:36:22+00:00","dateModified":"2024-05-02T18:45:33+00:00","breadcrumb":{"@id":"https:\/\/academicos.uprrp.edu\/preh\/facultad\/facultad-de-administracion-de-empresas\/#breadcrumb"},"inLanguage":"es","potentialAction":[{"@type":"ReadAction","target":["https:\/\/academicos.uprrp.edu\/preh\/facultad\/facultad-de-administracion-de-empresas\/"]}]},{"@type":"BreadcrumbList","@id":"https:\/\/academicos.uprrp.edu\/preh\/facultad\/facultad-de-administracion-de-empresas\/#breadcrumb","itemListElement":[{"@type":"ListItem","position":1,"name":"Home","item":"https:\/\/academicos.uprrp.edu\/preh\/"},{"@type":"ListItem","position":2,"name":"Docentes Colaboradores","item":"https:\/\/academicos.uprrp.edu\/preh\/facultad\/"},{"@type":"ListItem","position":3,"name":"Facultad de Administraci\u00f3n de Empresas"}]},{"@type":"WebSite","@id":"https:\/\/academicos.uprrp.edu\/preh\/#website","url":"https:\/\/academicos.uprrp.edu\/preh\/","name":"Programa de Estudios de Honor","description":"","potentialAction":[{"@type":"SearchAction","target":{"@type":"EntryPoint","urlTemplate":"https:\/\/academicos.uprrp.edu\/preh\/?s={search_term_string}"},"query-input":{"@type":"PropertyValueSpecification","valueRequired":true,"valueName":"search_term_string"}}],"inLanguage":"es"}]}},"_links":{"self":[{"href":"https:\/\/academicos.uprrp.edu\/preh\/wp-json\/wp\/v2\/pages\/2719","targetHints":{"allow":["GET"]}}],"collection":[{"href":"https:\/\/academicos.uprrp.edu\/preh\/wp-json\/wp\/v2\/pages"}],"about":[{"href":"https:\/\/academicos.uprrp.edu\/preh\/wp-json\/wp\/v2\/types\/page"}],"author":[{"embeddable":true,"href":"https:\/\/academicos.uprrp.edu\/preh\/wp-json\/wp\/v2\/users\/9"}],"replies":[{"embeddable":true,"href":"https:\/\/academicos.uprrp.edu\/preh\/wp-json\/wp\/v2\/comments?post=2719"}],"version-history":[{"count":1,"href":"https:\/\/academicos.uprrp.edu\/preh\/wp-json\/wp\/v2\/pages\/2719\/revisions"}],"predecessor-version":[{"id":10823,"href":"https:\/\/academicos.uprrp.edu\/preh\/wp-json\/wp\/v2\/pages\/2719\/revisions\/10823"}],"up":[{"embeddable":true,"href":"https:\/\/academicos.uprrp.edu\/preh\/wp-json\/wp\/v2\/pages\/345"}],"wp:attachment":[{"href":"https:\/\/academicos.uprrp.edu\/preh\/wp-json\/wp\/v2\/media?parent=2719"}],"curies":[{"name":"wp","href":"https:\/\/api.w.org\/{rel}","templated":true}]}}

Facultad de Administración de Empresas

<table id="tablepress-26" class="tablepress tablepress-id-26">
<thead>
<tr class="row-1">
	<th class="column-1">DOCENTE</th><th class="column-2">MENTOR(A)</th><th class="column-3">LECTOR(A)</th>
</tr>
</thead>
<tbody class="row-striping row-hover">
<tr class="row-2">
	<td class="column-1">Arleen Herández Díaz<br />
Departamento de Gerencia<br />
Correo electrónico: arleen.hernandez1@upr.edu<br />
Áreas de investigación: Gerencia de Recursos Humanos; Negociación colectiva; Mobilidad; Emprendimiento</td><td class="column-2">✓ </td><td class="column-3">✓ </td>
</tr>
<tr class="row-3">
	<td class="column-1">Ángel Carrión Tavárez<br />
Centro de Investigaciones Comerciales e Iniciativas Académicas<br />
Correo electrónico: angel.carrion@upr.edu<br />
Áreas de investigación: Visiones del lugar y el momento a través de la música; Conexiones geográficas, lingüísticas y pedagógicas de la música popular; Nuevos métodos de producción, difusión y mercadeo de grabaciones musicales; Impulsores del emprendimiento de micro y pequeñas empresas; Desarrollo empresarial y sus efectos culturales y sociales; Perspectivas éticas en el entorno profesional; Cartografías alternativas con sistemas de información geográfica; Comportamiento y predictibilidad de las acciones comunes y las criptomonedas; Desarrollos en ciberseguridad, cultura cíborg y robótica y sus implicaciones; Interacciones entre lengua e identidad; Novedades y prácticas en las humanidades digitales; Competencia intercultural y perspectivas de la paz</td><td class="column-2">✓ </td><td class="column-3">✓ </td>
</tr>
<tr class="row-4">
	<td class="column-1">Juan Pena Hevia<br />
Comunicación Empresarial<br />
Correo electrónico: juan.pena2@upr.edu<br />
Áreas de investigación: Comunicación digital </td><td class="column-2">✓ </td><td class="column-3">✓ </td>
</tr>
</tbody>
</table>
<!-- #tablepress-26 from cache -->

<!-- This site is optimized with the Yoast SEO plugin v27.2 - https://yoast.com/product/yoast-seo-wordpress/ -->
<title>Facultad de Administración de Empresas - Programa de Estudios de Honor</title>
<meta name="robots" content="index, follow, max-snippet:-1, max-image-preview:large, max-video-preview:-1" />
<link rel="canonical" href="https://academicos.uprrp.edu/preh/facultad/facultad-de-administracion-de-empresas/" />
<meta property="og:locale" content="es_ES" />
<meta property="og:type" content="article" />
<meta property="og:title" content="Facultad de Administración de Empresas - Programa de Estudios de Honor" />
<meta property="og:url" content="https://academicos.uprrp.edu/preh/facultad/facultad-de-administracion-de-empresas/" />
<meta property="og:site_name" content="Programa de Estudios de Honor" />
<meta property="article:modified_time" content="2024-05-02T18:45:33+00:00" />
<meta name="twitter:card" content="summary_large_image" />
<meta name="twitter:label1" content="Est. reading time" />
	<meta name="twitter:data1" content="1 minuto" />
<script type="application/ld+json" class="yoast-schema-graph">{"@context":"https://schema.org","@graph":[{"@type":"WebPage","@id":"https://academicos.uprrp.edu/preh/facultad/facultad-de-administracion-de-empresas/","url":"https://academicos.uprrp.edu/preh/facultad/facultad-de-administracion-de-empresas/","name":"Facultad de Administración de Empresas - Programa de Estudios de Honor","isPartOf":{"@id":"https://academicos.uprrp.edu/preh/#website"},"datePublished":"2019-11-08T18:36:22+00:00","dateModified":"2024-05-02T18:45:33+00:00","breadcrumb":{"@id":"https://academicos.uprrp.edu/preh/facultad/facultad-de-administracion-de-empresas/#breadcrumb"},"inLanguage":"es","potentialAction":[{"@type":"ReadAction","target":["https://academicos.uprrp.edu/preh/facultad/facultad-de-administracion-de-empresas/"]}]},{"@type":"BreadcrumbList","@id":"https://academicos.uprrp.edu/preh/facultad/facultad-de-administracion-de-empresas/#breadcrumb","itemListElement":[{"@type":"ListItem","position":1,"name":"Home","item":"https://academicos.uprrp.edu/preh/"},{"@type":"ListItem","position":2,"name":"Docentes Colaboradores","item":"https://academicos.uprrp.edu/preh/facultad/"},{"@type":"ListItem","position":3,"name":"Facultad de Administración de Empresas"}]},{"@type":"WebSite","@id":"https://academicos.uprrp.edu/preh/#website","url":"https://academicos.uprrp.edu/preh/","name":"Programa de Estudios de Honor","description":"","potentialAction":[{"@type":"SearchAction","target":{"@type":"EntryPoint","urlTemplate":"https://academicos.uprrp.edu/preh/?s={search_term_string}"},"query-input":{"@type":"PropertyValueSpecification","valueRequired":true,"valueName":"search_term_string"}}],"inLanguage":"es"}]}</script>
<!-- / Yoast SEO plugin. -->

Facultad de Administración de Empresas - Programa de Estudios de Honor
