{"id":239,"date":"2019-01-09T09:10:59","date_gmt":"2019-01-09T13:10:59","guid":{"rendered":"http:\/\/preh.uprrp.edu\/?page_id=239"},"modified":"2024-05-02T15:10:17","modified_gmt":"2024-05-02T19:10:17","slug":"historia","status":"publish","type":"page","link":"https:\/\/academicos.uprrp.edu\/preh\/historia\/","title":{"rendered":"Historia"},"content":{"rendered":"\t\t<div data-elementor-type=\"wp-page\" data-elementor-id=\"239\" class=\"elementor elementor-239\">\n\t\t\t\t<div class=\"elementor-element elementor-element-449074e2 e-con-full e-flex e-con e-parent\" data-id=\"449074e2\" data-element_type=\"container\" data-e-type=\"container\">\n\t\t\t\t<div class=\"elementor-element elementor-element-39b9c32 elementor-widget elementor-widget-image\" data-id=\"39b9c32\" data-element_type=\"widget\" data-e-type=\"widget\" data-widget_type=\"image.default\">\n\t\t\t\t<div class=\"elementor-widget-container\">\n\t\t\t\t\t\t\t\t\t\t\t\t\t\t\t<img fetchpriority=\"high\" decoding=\"async\" width=\"2785\" height=\"1005\" src=\"https:\/\/academicos.uprrp.edu\/preh\/wp-content\/uploads\/sites\/6\/2024\/05\/El-Mundo.png\" class=\"attachment-full size-full wp-image-10878\" alt=\"Corte de peri\u00f3dico de El Mundo de 1961\" srcset=\"https:\/\/academicos.uprrp.edu\/preh\/wp-content\/uploads\/sites\/6\/2024\/05\/El-Mundo.png 2785w, https:\/\/academicos.uprrp.edu\/preh\/wp-content\/uploads\/sites\/6\/2024\/05\/El-Mundo-300x108.png 300w, https:\/\/academicos.uprrp.edu\/preh\/wp-content\/uploads\/sites\/6\/2024\/05\/El-Mundo-1024x370.png 1024w, https:\/\/academicos.uprrp.edu\/preh\/wp-content\/uploads\/sites\/6\/2024\/05\/El-Mundo-768x277.png 768w, https:\/\/academicos.uprrp.edu\/preh\/wp-content\/uploads\/sites\/6\/2024\/05\/El-Mundo-1536x554.png 1536w, https:\/\/academicos.uprrp.edu\/preh\/wp-content\/uploads\/sites\/6\/2024\/05\/El-Mundo-2048x739.png 2048w\" sizes=\"(max-width: 2785px) 100vw, 2785px\" \/>\t\t\t\t\t\t\t\t\t\t\t\t\t\t\t<\/div>\n\t\t\t\t<\/div>\n\t\t\t\t<div class=\"elementor-element elementor-element-26b39a05 elementor-widget elementor-widget-text-editor\" data-id=\"26b39a05\" data-element_type=\"widget\" data-e-type=\"widget\" data-widget_type=\"text-editor.default\">\n\t\t\t\t<div class=\"elementor-widget-container\">\n\t\t\t\t\t\t\t\t\t\r\n\r\n\r\n<p class=\"has-text-align-right\">El Mundo, \u00abUPR Inicia Programa Estudios de Honor Para un Grupo Limitado de Estudiantes.\u00bb 11 de junio de 1961. Archivo del PREH.<\/p>\r\n\r\n\r\n\r\n<p><span style=\"color: #000000;\">Este Programa se inici\u00f3 en forma experimental en agosto de 1961 y ha continuado funcionando y desarroll\u00e1ndose hasta el presente. Se cre\u00f3 con el prop\u00f3sito principal de propiciar aquellas condiciones de estudio que permitan al estudiante obtener una mejor formaci\u00f3n educativa en el nivel universitario y ofrecerles la oportunidad de profundizar en el campo de su especialidad. Durante 1968-69 se realiz\u00f3 una revisi\u00f3n del Programa cuyos resultados culminaron en la Certificaci\u00f3n N\u00fam. 57 del Senado Acad\u00e9mico el 21 de febrero de 1974. Este documento lo rige desde esa fecha en su aspecto acad\u00e9mico y requiere que se evalu\u00e9 peri\u00f3dicamente. La Certificaci\u00f3n, sin embargo, no estableci\u00f3 su estructura administrativa.<\/span><\/p>\r\n\r\n\r\n\r\n<p><span style=\"color: #000000;\">En el primer semestre del a\u00f1o 1974-75, el Decanato de Estudios (actual Decanato de Asuntos Acad\u00e9micos) realiz\u00f3 otra revisi\u00f3n. Como resultado se le cambi\u00f3 el nombre a Programa de Estudios Intensivos (P.E.I.) y se reorganiz\u00f3, tanto en la ubicaci\u00f3n de sus ofrecimientos como en la organizaci\u00f3n administrativa y localizaci\u00f3n de sus oficinas. Se incorpor\u00f3 al mismo el Programa de Viajes de Estudios y sus oficinas se trasladaron a las facilidades que ocupaba la Oficina de Viajes, contiguas al Decanato de Estudios.<\/span><\/p>\r\n\r\n\r\n\r\n<p><span style=\"color: #000000;\">En mayo de 1979 el Decanato de Estudios volvi\u00f3 a estudiar el Programa y su impacto en el Recinto. Como resultado, a fines del primer semestre 1980-81 se le devolvi\u00f3 el nombre que le asignara el Senado-Programa de Estudios de Honor. Nuevamente se reorganizaron sus ofrecimientos y su estructura administrativa y se relocaliz\u00f3 en el edificio Janer n\u00famero 105 para hacerlo accesible a la comunidad universitaria en general. Se someti\u00f3 un nuevo y modesto presupuesto para 1981-82 con miras a la reorientaci\u00f3n del Programa lo cual permiti\u00f3 iniciar un programa innovador, riguroso y asequible, seg\u00fan previsto por el<\/span> <span style=\"color: #000000;\">Senado.<\/span><\/p>\r\n\r\n\r\n\r\n<p><span style=\"color: #000000;\">En 1983 el Programa fue evaluado por su Consejo Directivo y recomend\u00f3 al Senado una revisi\u00f3n de la Certificaci\u00f3n N\u00fam. 57 (A\u00f1o 1973-74), documento que reg\u00eda el Programa. Dicha recomendaci\u00f3n est\u00e1 incluida en el Informe Trienal al Senado Acad\u00e9mico (enero 1981 &#8211; diciembre 1983) el cual fue sometido por el Consejo Directivo del Programa, con la aprobaci\u00f3n del Decanato de Estudios. Esta revisi\u00f3n culmin\u00f3 con la Certificaci\u00f3n N\u00fam. 59 (a\u00f1o 1985-86) emitida por el Senado Acad\u00e9mico. Desde ese momento el documento que rige al Programa es la Certificaci\u00f3n N\u00fam. 57 seg\u00fan enmendada por la Certificaci\u00f3n N\u00fam. 59, la cual pas\u00f3 a llamarse Reglamento del Programa de Estudios de Honor. En febrero de 1983 el Consejo Directivo aprob\u00f3 y public\u00f3 un documento llamado Manual de Procedimientos que recoge el funcionamiento del Programa en todos sus aspectos acad\u00e9micos, estudiantiles y administrativos, en consonancia con la Certificaci\u00f3n N\u00fam. 59.<\/span><\/p>\r\n\r\n\r\n\r\n<p><span style=\"color: #000000;\">En julio de 1987 el Consejo Directivo inici\u00f3 una revisi\u00f3n total del Programa que incluy\u00f3 la Certificaci\u00f3n N\u00fam. 59 y el Manual de Procedimientos. Este proceso finaliz\u00f3 en el a\u00f1o acad\u00e9mico 1988-89 con la aprobaci\u00f3n del Cuerpo Estudiantil y del Decanato de Asuntos Acad\u00e9micos. En la revisi\u00f3n se incorporaron los acuerdos surgidos de planteamientos hechos por los estudiantes.<\/span><\/p>\r\n\t\t\t\t\t\t\t\t<\/div>\n\t\t\t\t<\/div>\n\t\t\t\t<\/div>\n\t\t\t\t<\/div>\n\t\t","protected":false},"excerpt":{"rendered":"<p>El Mundo, \u00abUPR Inicia Programa Estudios de Honor Para un Grupo Limitado de Estudiantes.\u00bb 11 de junio de 1961. Archivo del PREH. Este Programa se inici\u00f3 en forma experimental en agosto de 1961 y ha continuado funcionando y desarroll\u00e1ndose hasta &hellip; <\/p>\n","protected":false},"author":9,"featured_media":851,"parent":0,"menu_order":0,"comment_status":"closed","ping_status":"closed","template":"","meta":{"_monsterinsights_skip_tracking":false,"_monsterinsights_sitenote_active":false,"_monsterinsights_sitenote_note":"","_monsterinsights_sitenote_category":0,"footnotes":""},"class_list":["post-239","page","type-page","status-publish","has-post-thumbnail","hentry"],"yoast_head":"<!-- This site is optimized with the Yoast SEO plugin v27.2 - https:\/\/yoast.com\/product\/yoast-seo-wordpress\/ -->\n<title>Historia - Programa de Estudios de Honor<\/title>\n<meta name=\"robots\" content=\"index, follow, max-snippet:-1, max-image-preview:large, max-video-preview:-1\" \/>\n<link rel=\"canonical\" href=\"https:\/\/academicos.uprrp.edu\/preh\/historia\/\" \/>\n<meta property=\"og:locale\" content=\"es_ES\" \/>\n<meta property=\"og:type\" content=\"article\" \/>\n<meta property=\"og:title\" content=\"Historia - Programa de Estudios de Honor\" \/>\n<meta property=\"og:description\" content=\"El Mundo, \u00abUPR Inicia Programa Estudios de Honor Para un Grupo Limitado de Estudiantes.\u00bb 11 de junio de 1961. Archivo del PREH. Este Programa se inici\u00f3 en forma experimental en agosto de 1961 y ha continuado funcionando y desarroll\u00e1ndose hasta &hellip;\" \/>\n<meta property=\"og:url\" content=\"https:\/\/academicos.uprrp.edu\/preh\/historia\/\" \/>\n<meta property=\"og:site_name\" content=\"Programa de Estudios de Honor\" \/>\n<meta property=\"article:modified_time\" content=\"2024-05-02T19:10:17+00:00\" \/>\n<meta name=\"twitter:card\" content=\"summary_large_image\" \/>\n<meta name=\"twitter:label1\" content=\"Est. reading time\" \/>\n\t<meta name=\"twitter:data1\" content=\"3 minutos\" \/>\n<script type=\"application\/ld+json\" class=\"yoast-schema-graph\">{\"@context\":\"https:\/\/schema.org\",\"@graph\":[{\"@type\":\"WebPage\",\"@id\":\"https:\/\/academicos.uprrp.edu\/preh\/historia\/\",\"url\":\"https:\/\/academicos.uprrp.edu\/preh\/historia\/\",\"name\":\"Historia - Programa de Estudios de Honor\",\"isPartOf\":{\"@id\":\"https:\/\/academicos.uprrp.edu\/preh\/#website\"},\"primaryImageOfPage\":{\"@id\":\"https:\/\/academicos.uprrp.edu\/preh\/historia\/#primaryimage\"},\"image\":{\"@id\":\"https:\/\/academicos.uprrp.edu\/preh\/historia\/#primaryimage\"},\"thumbnailUrl\":\"\",\"datePublished\":\"2019-01-09T13:10:59+00:00\",\"dateModified\":\"2024-05-02T19:10:17+00:00\",\"breadcrumb\":{\"@id\":\"https:\/\/academicos.uprrp.edu\/preh\/historia\/#breadcrumb\"},\"inLanguage\":\"es\",\"potentialAction\":[{\"@type\":\"ReadAction\",\"target\":[\"https:\/\/academicos.uprrp.edu\/preh\/historia\/\"]}]},{\"@type\":\"ImageObject\",\"inLanguage\":\"es\",\"@id\":\"https:\/\/academicos.uprrp.edu\/preh\/historia\/#primaryimage\",\"url\":\"\",\"contentUrl\":\"\"},{\"@type\":\"BreadcrumbList\",\"@id\":\"https:\/\/academicos.uprrp.edu\/preh\/historia\/#breadcrumb\",\"itemListElement\":[{\"@type\":\"ListItem\",\"position\":1,\"name\":\"Home\",\"item\":\"https:\/\/academicos.uprrp.edu\/preh\/\"},{\"@type\":\"ListItem\",\"position\":2,\"name\":\"Historia\"}]},{\"@type\":\"WebSite\",\"@id\":\"https:\/\/academicos.uprrp.edu\/preh\/#website\",\"url\":\"https:\/\/academicos.uprrp.edu\/preh\/\",\"name\":\"Programa de Estudios de Honor\",\"description\":\"\",\"potentialAction\":[{\"@type\":\"SearchAction\",\"target\":{\"@type\":\"EntryPoint\",\"urlTemplate\":\"https:\/\/academicos.uprrp.edu\/preh\/?s={search_term_string}\"},\"query-input\":{\"@type\":\"PropertyValueSpecification\",\"valueRequired\":true,\"valueName\":\"search_term_string\"}}],\"inLanguage\":\"es\"}]}<\/script>\n<!-- \/ Yoast SEO plugin. -->","yoast_head_json":{"title":"Historia - Programa de Estudios de Honor","robots":{"index":"index","follow":"follow","max-snippet":"max-snippet:-1","max-image-preview":"max-image-preview:large","max-video-preview":"max-video-preview:-1"},"canonical":"https:\/\/academicos.uprrp.edu\/preh\/historia\/","og_locale":"es_ES","og_type":"article","og_title":"Historia - Programa de Estudios de Honor","og_description":"El Mundo, \u00abUPR Inicia Programa Estudios de Honor Para un Grupo Limitado de Estudiantes.\u00bb 11 de junio de 1961. Archivo del PREH. Este Programa se inici\u00f3 en forma experimental en agosto de 1961 y ha continuado funcionando y desarroll\u00e1ndose hasta &hellip;","og_url":"https:\/\/academicos.uprrp.edu\/preh\/historia\/","og_site_name":"Programa de Estudios de Honor","article_modified_time":"2024-05-02T19:10:17+00:00","twitter_card":"summary_large_image","twitter_misc":{"Est. reading time":"3 minutos"},"schema":{"@context":"https:\/\/schema.org","@graph":[{"@type":"WebPage","@id":"https:\/\/academicos.uprrp.edu\/preh\/historia\/","url":"https:\/\/academicos.uprrp.edu\/preh\/historia\/","name":"Historia - Programa de Estudios de Honor","isPartOf":{"@id":"https:\/\/academicos.uprrp.edu\/preh\/#website"},"primaryImageOfPage":{"@id":"https:\/\/academicos.uprrp.edu\/preh\/historia\/#primaryimage"},"image":{"@id":"https:\/\/academicos.uprrp.edu\/preh\/historia\/#primaryimage"},"thumbnailUrl":"","datePublished":"2019-01-09T13:10:59+00:00","dateModified":"2024-05-02T19:10:17+00:00","breadcrumb":{"@id":"https:\/\/academicos.uprrp.edu\/preh\/historia\/#breadcrumb"},"inLanguage":"es","potentialAction":[{"@type":"ReadAction","target":["https:\/\/academicos.uprrp.edu\/preh\/historia\/"]}]},{"@type":"ImageObject","inLanguage":"es","@id":"https:\/\/academicos.uprrp.edu\/preh\/historia\/#primaryimage","url":"","contentUrl":""},{"@type":"BreadcrumbList","@id":"https:\/\/academicos.uprrp.edu\/preh\/historia\/#breadcrumb","itemListElement":[{"@type":"ListItem","position":1,"name":"Home","item":"https:\/\/academicos.uprrp.edu\/preh\/"},{"@type":"ListItem","position":2,"name":"Historia"}]},{"@type":"WebSite","@id":"https:\/\/academicos.uprrp.edu\/preh\/#website","url":"https:\/\/academicos.uprrp.edu\/preh\/","name":"Programa de Estudios de Honor","description":"","potentialAction":[{"@type":"SearchAction","target":{"@type":"EntryPoint","urlTemplate":"https:\/\/academicos.uprrp.edu\/preh\/?s={search_term_string}"},"query-input":{"@type":"PropertyValueSpecification","valueRequired":true,"valueName":"search_term_string"}}],"inLanguage":"es"}]}},"_links":{"self":[{"href":"https:\/\/academicos.uprrp.edu\/preh\/wp-json\/wp\/v2\/pages\/239","targetHints":{"allow":["GET"]}}],"collection":[{"href":"https:\/\/academicos.uprrp.edu\/preh\/wp-json\/wp\/v2\/pages"}],"about":[{"href":"https:\/\/academicos.uprrp.edu\/preh\/wp-json\/wp\/v2\/types\/page"}],"author":[{"embeddable":true,"href":"https:\/\/academicos.uprrp.edu\/preh\/wp-json\/wp\/v2\/users\/9"}],"replies":[{"embeddable":true,"href":"https:\/\/academicos.uprrp.edu\/preh\/wp-json\/wp\/v2\/comments?post=239"}],"version-history":[{"count":4,"href":"https:\/\/academicos.uprrp.edu\/preh\/wp-json\/wp\/v2\/pages\/239\/revisions"}],"predecessor-version":[{"id":10881,"href":"https:\/\/academicos.uprrp.edu\/preh\/wp-json\/wp\/v2\/pages\/239\/revisions\/10881"}],"wp:featuredmedia":[{"embeddable":true,"href":"https:\/\/academicos.uprrp.edu\/preh\/wp-json\/"}],"wp:attachment":[{"href":"https:\/\/academicos.uprrp.edu\/preh\/wp-json\/wp\/v2\/media?parent=239"}],"curies":[{"name":"wp","href":"https:\/\/api.w.org\/{rel}","templated":true}]}}

<div data-elementor-type="wp-page" data-elementor-id="239" class="elementor elementor-239">
				<div class="elementor-element elementor-element-449074e2 e-con-full e-flex e-con e-parent" data-id="449074e2" data-element_type="container" data-e-type="container">
				<div class="elementor-element elementor-element-39b9c32 elementor-widget elementor-widget-image" data-id="39b9c32" data-element_type="widget" data-e-type="widget" data-widget_type="image.default">
				<div class="elementor-widget-container">
															<img fetchpriority="high" decoding="async" width="2785" height="1005" src="https://academicos.uprrp.edu/preh/wp-content/uploads/sites/6/2024/05/El-Mundo.png" class="attachment-full size-full wp-image-10878" alt="Corte de periódico de El Mundo de 1961" srcset="https://academicos.uprrp.edu/preh/wp-content/uploads/sites/6/2024/05/El-Mundo.png 2785w, https://academicos.uprrp.edu/preh/wp-content/uploads/sites/6/2024/05/El-Mundo-300x108.png 300w, https://academicos.uprrp.edu/preh/wp-content/uploads/sites/6/2024/05/El-Mundo-1024x370.png 1024w, https://academicos.uprrp.edu/preh/wp-content/uploads/sites/6/2024/05/El-Mundo-768x277.png 768w, https://academicos.uprrp.edu/preh/wp-content/uploads/sites/6/2024/05/El-Mundo-1536x554.png 1536w, https://academicos.uprrp.edu/preh/wp-content/uploads/sites/6/2024/05/El-Mundo-2048x739.png 2048w" sizes="(max-width: 2785px) 100vw, 2785px" />															</div>
				</div>
				<div class="elementor-element elementor-element-26b39a05 elementor-widget elementor-widget-text-editor" data-id="26b39a05" data-element_type="widget" data-e-type="widget" data-widget_type="text-editor.default">
				<div class="elementor-widget-container">
									


<p class="has-text-align-right">El Mundo, «UPR Inicia Programa Estudios de Honor Para un Grupo Limitado de Estudiantes.» 11 de junio de 1961. Archivo del PREH.</p>



<p><span style="color: #000000;">Este Programa se inició en forma experimental en agosto de 1961 y ha continuado funcionando y desarrollándose hasta el presente. Se creó con el propósito principal de propiciar aquellas condiciones de estudio que permitan al estudiante obtener una mejor formación educativa en el nivel universitario y ofrecerles la oportunidad de profundizar en el campo de su especialidad. Durante 1968-69 se realizó una revisión del Programa cuyos resultados culminaron en la Certificación Núm. 57 del Senado Académico el 21 de febrero de 1974. Este documento lo rige desde esa fecha en su aspecto académico y requiere que se evalué periódicamente. La Certificación, sin embargo, no estableció su estructura administrativa.</span></p>



<p><span style="color: #000000;">En el primer semestre del año 1974-75, el Decanato de Estudios (actual Decanato de Asuntos Académicos) realizó otra revisión. Como resultado se le cambió el nombre a Programa de Estudios Intensivos (P.E.I.) y se reorganizó, tanto en la ubicación de sus ofrecimientos como en la organización administrativa y localización de sus oficinas. Se incorporó al mismo el Programa de Viajes de Estudios y sus oficinas se trasladaron a las facilidades que ocupaba la Oficina de Viajes, contiguas al Decanato de Estudios.</span></p>



<p><span style="color: #000000;">En mayo de 1979 el Decanato de Estudios volvió a estudiar el Programa y su impacto en el Recinto. Como resultado, a fines del primer semestre 1980-81 se le devolvió el nombre que le asignara el Senado-Programa de Estudios de Honor. Nuevamente se reorganizaron sus ofrecimientos y su estructura administrativa y se relocalizó en el edificio Janer número 105 para hacerlo accesible a la comunidad universitaria en general. Se sometió un nuevo y modesto presupuesto para 1981-82 con miras a la reorientación del Programa lo cual permitió iniciar un programa innovador, riguroso y asequible, según previsto por el</span> <span style="color: #000000;">Senado.</span></p>



<p><span style="color: #000000;">En 1983 el Programa fue evaluado por su Consejo Directivo y recomendó al Senado una revisión de la Certificación Núm. 57 (Año 1973-74), documento que regía el Programa. Dicha recomendación está incluida en el Informe Trienal al Senado Académico (enero 1981 &#8211; diciembre 1983) el cual fue sometido por el Consejo Directivo del Programa, con la aprobación del Decanato de Estudios. Esta revisión culminó con la Certificación Núm. 59 (año 1985-86) emitida por el Senado Académico. Desde ese momento el documento que rige al Programa es la Certificación Núm. 57 según enmendada por la Certificación Núm. 59, la cual pasó a llamarse Reglamento del Programa de Estudios de Honor. En febrero de 1983 el Consejo Directivo aprobó y publicó un documento llamado Manual de Procedimientos que recoge el funcionamiento del Programa en todos sus aspectos académicos, estudiantiles y administrativos, en consonancia con la Certificación Núm. 59.</span></p>



<p><span style="color: #000000;">En julio de 1987 el Consejo Directivo inició una revisión total del Programa que incluyó la Certificación Núm. 59 y el Manual de Procedimientos. Este proceso finalizó en el año académico 1988-89 con la aprobación del Cuerpo Estudiantil y del Decanato de Asuntos Académicos. En la revisión se incorporaron los acuerdos surgidos de planteamientos hechos por los estudiantes.</span></p>
								</div>
				</div>
				</div>
				</div>

<p>El Mundo, «UPR Inicia Programa Estudios de Honor Para un Grupo Limitado de Estudiantes.» 11 de junio de 1961. Archivo del PREH. Este Programa se inició en forma experimental en agosto de 1961 y ha continuado funcionando y desarrollándose hasta &hellip; </p>

<!-- This site is optimized with the Yoast SEO plugin v27.2 - https://yoast.com/product/yoast-seo-wordpress/ -->
<title>Historia - Programa de Estudios de Honor</title>
<meta name="robots" content="index, follow, max-snippet:-1, max-image-preview:large, max-video-preview:-1" />
<link rel="canonical" href="https://academicos.uprrp.edu/preh/historia/" />
<meta property="og:locale" content="es_ES" />
<meta property="og:type" content="article" />
<meta property="og:title" content="Historia - Programa de Estudios de Honor" />
<meta property="og:description" content="El Mundo, «UPR Inicia Programa Estudios de Honor Para un Grupo Limitado de Estudiantes.» 11 de junio de 1961. Archivo del PREH. Este Programa se inició en forma experimental en agosto de 1961 y ha continuado funcionando y desarrollándose hasta &hellip;" />
<meta property="og:url" content="https://academicos.uprrp.edu/preh/historia/" />
<meta property="og:site_name" content="Programa de Estudios de Honor" />
<meta property="article:modified_time" content="2024-05-02T19:10:17+00:00" />
<meta name="twitter:card" content="summary_large_image" />
<meta name="twitter:label1" content="Est. reading time" />
	<meta name="twitter:data1" content="3 minutos" />
<script type="application/ld+json" class="yoast-schema-graph">{"@context":"https://schema.org","@graph":[{"@type":"WebPage","@id":"https://academicos.uprrp.edu/preh/historia/","url":"https://academicos.uprrp.edu/preh/historia/","name":"Historia - Programa de Estudios de Honor","isPartOf":{"@id":"https://academicos.uprrp.edu/preh/#website"},"primaryImageOfPage":{"@id":"https://academicos.uprrp.edu/preh/historia/#primaryimage"},"image":{"@id":"https://academicos.uprrp.edu/preh/historia/#primaryimage"},"thumbnailUrl":"","datePublished":"2019-01-09T13:10:59+00:00","dateModified":"2024-05-02T19:10:17+00:00","breadcrumb":{"@id":"https://academicos.uprrp.edu/preh/historia/#breadcrumb"},"inLanguage":"es","potentialAction":[{"@type":"ReadAction","target":["https://academicos.uprrp.edu/preh/historia/"]}]},{"@type":"ImageObject","inLanguage":"es","@id":"https://academicos.uprrp.edu/preh/historia/#primaryimage","url":"","contentUrl":""},{"@type":"BreadcrumbList","@id":"https://academicos.uprrp.edu/preh/historia/#breadcrumb","itemListElement":[{"@type":"ListItem","position":1,"name":"Home","item":"https://academicos.uprrp.edu/preh/"},{"@type":"ListItem","position":2,"name":"Historia"}]},{"@type":"WebSite","@id":"https://academicos.uprrp.edu/preh/#website","url":"https://academicos.uprrp.edu/preh/","name":"Programa de Estudios de Honor","description":"","potentialAction":[{"@type":"SearchAction","target":{"@type":"EntryPoint","urlTemplate":"https://academicos.uprrp.edu/preh/?s={search_term_string}"},"query-input":{"@type":"PropertyValueSpecification","valueRequired":true,"valueName":"search_term_string"}}],"inLanguage":"es"}]}</script>
<!-- / Yoast SEO plugin. -->

El Mundo, «UPR Inicia Programa Estudios de Honor Para un Grupo Limitado de Estudiantes.» 11 de junio de 1961. Archivo del PREH. Este Programa se inició en forma experimental en agosto de 1961 y ha continuado funcionando y desarrollándose hasta &hellip;
