{"id":11819,"date":"2024-06-03T09:23:31","date_gmt":"2024-06-03T13:23:31","guid":{"rendered":"https:\/\/academicos.uprrp.edu\/preh\/?page_id=11819"},"modified":"2025-06-18T16:13:00","modified_gmt":"2025-06-18T20:13:00","slug":"facultad-de-administracion-de-empresas","status":"publish","type":"page","link":"https:\/\/academicos.uprrp.edu\/preh\/egresados\/facultad-de-administracion-de-empresas\/","title":{"rendered":"Facultad de Administraci\u00f3n de Empresas"},"content":{"rendered":"\t\t<div data-elementor-type=\"wp-page\" data-elementor-id=\"11819\" class=\"elementor elementor-11819\">\n\t\t\t\t<div class=\"elementor-element elementor-element-871f290 e-flex e-con-boxed e-con e-parent\" data-id=\"871f290\" data-element_type=\"container\" data-e-type=\"container\">\n\t\t\t\t\t<div class=\"e-con-inner\">\n\t\t\t\t<div class=\"elementor-element elementor-element-faba10d elementor-widget thim-ekits-heading elementor-widget-thim-heading\" data-id=\"faba10d\" data-element_type=\"widget\" data-e-type=\"widget\" data-widget_type=\"thim-heading.default\">\n\t\t\t\t<div class=\"elementor-widget-container\">\n\t\t\t\t\t<div class=\"sc_heading \"><h3 class=\"title\">Facultad de Administraci\u00f3n de Empresas<\/h3><span class=\"line\"><\/span><\/div>\t\t\t\t<\/div>\n\t\t\t\t<\/div>\n\t\t\t\t<div class=\"elementor-element elementor-element-c3bc6fe elementor-widget elementor-widget-thim-our-team\" data-id=\"c3bc6fe\" data-element_type=\"widget\" data-e-type=\"widget\" data-widget_type=\"thim-our-team.default\">\n\t\t\t\t<div class=\"elementor-widget-container\">\n\t\t\t\t\t<div class=\"wrapper-lists-our-team\"><div class=\"row\"><div class=\"our-team-item col-sm-3\"><div class=\"our-team-image\"> <a class=\"link-img\" href=\"https:\/\/academicos.uprrp.edu\/preh\/our_team\/rosa-i-berrios-negron\/\"><\/a><img decoding=\"async\" src=\"https:\/\/academicos.uprrp.edu\/preh\/wp-content\/uploads\/sites\/6\/2025\/06\/Logro-defensa-Rosa-Berrios-1-200x200.png\" alt=\"Logro defensa Rosa Berrios\" title=\"Logro defensa Rosa Berrios\"  width=\"200\" height=\"200\"><div class=\"social-team\"><\/div><\/div><div class=\"content-team\"><h4 class=\"title\"><a href=\"https:\/\/academicos.uprrp.edu\/preh\/our_team\/rosa-i-berrios-negron\/\">Rosa I. Berr\u00edos Negr\u00f3n<\/a><\/h4><div class = \"regency\">2025<\/div><\/div><\/div><div class=\"our-team-item col-sm-3\"><div class=\"our-team-image\"> <a class=\"link-img\" href=\"https:\/\/academicos.uprrp.edu\/preh\/our_team\/juanita-polanco-irizarry\/\"><\/a><img decoding=\"async\" src=\"https:\/\/academicos.uprrp.edu\/preh\/wp-content\/themes\/eduma\/images\/demo_images\/demo_image.jpg\" alt=\"Juanita Polanco Irizarry\" title=\"Juanita Polanco Irizarry\" ><div class=\"social-team\"><\/div><\/div><div class=\"content-team\"><h4 class=\"title\"><a href=\"https:\/\/academicos.uprrp.edu\/preh\/our_team\/juanita-polanco-irizarry\/\">Juanita Polanco Irizarry<\/a><\/h4><div class = \"regency\">2021<\/div><\/div><\/div><\/div><\/div>\t\t\t\t<\/div>\n\t\t\t\t<\/div>\n\t\t\t\t<div class=\"elementor-element elementor-element-63d95e8 elementor-widget elementor-widget-text-editor\" data-id=\"63d95e8\" data-element_type=\"widget\" data-e-type=\"widget\" data-widget_type=\"text-editor.default\">\n\t\t\t\t<div class=\"elementor-widget-container\">\n\t\t\t\t\t\t\t\t\t<table dir=\"ltr\" border=\"1\" cellspacing=\"0\" cellpadding=\"0\" data-sheets-root=\"1\" data-sheets-baot=\"1\"><colgroup><col width=\"97\" \/><col width=\"100\" \/><col width=\"105\" \/><\/colgroup><tbody><tr><td>Berr\u00edos<\/td><td>Negr\u00f3n<\/td><td>Rosa I.<\/td><\/tr><tr><td>Polanco<\/td><td>Irizarry<\/td><td>Juanita<\/td><\/tr><\/tbody><\/table>\t\t\t\t\t\t\t\t<\/div>\n\t\t\t\t<\/div>\n\t\t\t\t\t<\/div>\n\t\t\t\t<\/div>\n\t\t\t\t<\/div>\n\t\t","protected":false},"excerpt":{"rendered":"<p>Facultad de Administraci\u00f3n de Empresas Werther Caballero Bernier Nathalia D. Bou Ramos Luis G. Figueroa Pag\u00e1n Karla Sosa Portillo Francisco Kortright Aponte Brian Patrick Joyner Bizama Ashley A. Nieves Cruz Juanita Polanco Irizarry 2021 Berr\u00edos Negr\u00f3n Rosa I. Polanco Irizarry &hellip; <\/p>\n","protected":false},"author":9,"featured_media":0,"parent":10926,"menu_order":0,"comment_status":"closed","ping_status":"closed","template":"","meta":{"_monsterinsights_skip_tracking":false,"_monsterinsights_sitenote_active":false,"_monsterinsights_sitenote_note":"","_monsterinsights_sitenote_category":0,"footnotes":""},"class_list":["post-11819","page","type-page","status-publish","hentry"],"yoast_head":"<!-- This site is optimized with the Yoast SEO plugin v27.2 - https:\/\/yoast.com\/product\/yoast-seo-wordpress\/ -->\n<title>Facultad de Administraci\u00f3n de Empresas - Programa de Estudios de Honor<\/title>\n<meta name=\"robots\" content=\"index, follow, max-snippet:-1, max-image-preview:large, max-video-preview:-1\" \/>\n<link rel=\"canonical\" href=\"https:\/\/academicos.uprrp.edu\/preh\/egresados\/facultad-de-administracion-de-empresas\/\" \/>\n<meta property=\"og:locale\" content=\"es_ES\" \/>\n<meta property=\"og:type\" content=\"article\" \/>\n<meta property=\"og:title\" content=\"Facultad de Administraci\u00f3n de Empresas - Programa de Estudios de Honor\" \/>\n<meta property=\"og:description\" content=\"Facultad de Administraci\u00f3n de Empresas Werther Caballero Bernier Nathalia D. Bou Ramos Luis G. Figueroa Pag\u00e1n Karla Sosa Portillo Francisco Kortright Aponte Brian Patrick Joyner Bizama Ashley A. Nieves Cruz Juanita Polanco Irizarry 2021 Berr\u00edos Negr\u00f3n Rosa I. Polanco Irizarry &hellip;\" \/>\n<meta property=\"og:url\" content=\"https:\/\/academicos.uprrp.edu\/preh\/egresados\/facultad-de-administracion-de-empresas\/\" \/>\n<meta property=\"og:site_name\" content=\"Programa de Estudios de Honor\" \/>\n<meta property=\"article:modified_time\" content=\"2025-06-18T20:13:00+00:00\" \/>\n<meta property=\"og:image\" content=\"https:\/\/academicos.uprrp.edu\/preh\/wp-content\/uploads\/sites\/6\/2024\/05\/Werther-Caballero-Bernier-200x200.png\" \/>\n<meta name=\"twitter:card\" content=\"summary_large_image\" \/>\n<meta name=\"twitter:label1\" content=\"Est. reading time\" \/>\n\t<meta name=\"twitter:data1\" content=\"2 minutos\" \/>\n<script type=\"application\/ld+json\" class=\"yoast-schema-graph\">{\"@context\":\"https:\/\/schema.org\",\"@graph\":[{\"@type\":\"WebPage\",\"@id\":\"https:\/\/academicos.uprrp.edu\/preh\/egresados\/facultad-de-administracion-de-empresas\/\",\"url\":\"https:\/\/academicos.uprrp.edu\/preh\/egresados\/facultad-de-administracion-de-empresas\/\",\"name\":\"Facultad de Administraci\u00f3n de Empresas - Programa de Estudios de Honor\",\"isPartOf\":{\"@id\":\"https:\/\/academicos.uprrp.edu\/preh\/#website\"},\"primaryImageOfPage\":{\"@id\":\"https:\/\/academicos.uprrp.edu\/preh\/egresados\/facultad-de-administracion-de-empresas\/#primaryimage\"},\"image\":{\"@id\":\"https:\/\/academicos.uprrp.edu\/preh\/egresados\/facultad-de-administracion-de-empresas\/#primaryimage\"},\"thumbnailUrl\":\"https:\/\/academicos.uprrp.edu\/preh\/wp-content\/uploads\/sites\/6\/2024\/05\/Werther-Caballero-Bernier-200x200.png\",\"datePublished\":\"2024-06-03T13:23:31+00:00\",\"dateModified\":\"2025-06-18T20:13:00+00:00\",\"breadcrumb\":{\"@id\":\"https:\/\/academicos.uprrp.edu\/preh\/egresados\/facultad-de-administracion-de-empresas\/#breadcrumb\"},\"inLanguage\":\"es\",\"potentialAction\":[{\"@type\":\"ReadAction\",\"target\":[\"https:\/\/academicos.uprrp.edu\/preh\/egresados\/facultad-de-administracion-de-empresas\/\"]}]},{\"@type\":\"ImageObject\",\"inLanguage\":\"es\",\"@id\":\"https:\/\/academicos.uprrp.edu\/preh\/egresados\/facultad-de-administracion-de-empresas\/#primaryimage\",\"url\":\"https:\/\/academicos.uprrp.edu\/preh\/wp-content\/uploads\/sites\/6\/2024\/05\/Werther-Caballero-Bernier-200x200.png\",\"contentUrl\":\"https:\/\/academicos.uprrp.edu\/preh\/wp-content\/uploads\/sites\/6\/2024\/05\/Werther-Caballero-Bernier-200x200.png\"},{\"@type\":\"BreadcrumbList\",\"@id\":\"https:\/\/academicos.uprrp.edu\/preh\/egresados\/facultad-de-administracion-de-empresas\/#breadcrumb\",\"itemListElement\":[{\"@type\":\"ListItem\",\"position\":1,\"name\":\"Home\",\"item\":\"https:\/\/academicos.uprrp.edu\/preh\/\"},{\"@type\":\"ListItem\",\"position\":2,\"name\":\"Egresados(as)\",\"item\":\"https:\/\/academicos.uprrp.edu\/preh\/egresados\/\"},{\"@type\":\"ListItem\",\"position\":3,\"name\":\"Facultad de Administraci\u00f3n de Empresas\"}]},{\"@type\":\"WebSite\",\"@id\":\"https:\/\/academicos.uprrp.edu\/preh\/#website\",\"url\":\"https:\/\/academicos.uprrp.edu\/preh\/\",\"name\":\"Programa de Estudios de Honor\",\"description\":\"\",\"potentialAction\":[{\"@type\":\"SearchAction\",\"target\":{\"@type\":\"EntryPoint\",\"urlTemplate\":\"https:\/\/academicos.uprrp.edu\/preh\/?s={search_term_string}\"},\"query-input\":{\"@type\":\"PropertyValueSpecification\",\"valueRequired\":true,\"valueName\":\"search_term_string\"}}],\"inLanguage\":\"es\"}]}<\/script>\n<!-- \/ Yoast SEO plugin. -->","yoast_head_json":{"title":"Facultad de Administraci\u00f3n de Empresas - Programa de Estudios de Honor","robots":{"index":"index","follow":"follow","max-snippet":"max-snippet:-1","max-image-preview":"max-image-preview:large","max-video-preview":"max-video-preview:-1"},"canonical":"https:\/\/academicos.uprrp.edu\/preh\/egresados\/facultad-de-administracion-de-empresas\/","og_locale":"es_ES","og_type":"article","og_title":"Facultad de Administraci\u00f3n de Empresas - Programa de Estudios de Honor","og_description":"Facultad de Administraci\u00f3n de Empresas Werther Caballero Bernier Nathalia D. Bou Ramos Luis G. Figueroa Pag\u00e1n Karla Sosa Portillo Francisco Kortright Aponte Brian Patrick Joyner Bizama Ashley A. Nieves Cruz Juanita Polanco Irizarry 2021 Berr\u00edos Negr\u00f3n Rosa I. Polanco Irizarry &hellip;","og_url":"https:\/\/academicos.uprrp.edu\/preh\/egresados\/facultad-de-administracion-de-empresas\/","og_site_name":"Programa de Estudios de Honor","article_modified_time":"2025-06-18T20:13:00+00:00","og_image":[{"url":"https:\/\/academicos.uprrp.edu\/preh\/wp-content\/uploads\/sites\/6\/2024\/05\/Werther-Caballero-Bernier-200x200.png","type":"","width":"","height":""}],"twitter_card":"summary_large_image","twitter_misc":{"Est. reading time":"2 minutos"},"schema":{"@context":"https:\/\/schema.org","@graph":[{"@type":"WebPage","@id":"https:\/\/academicos.uprrp.edu\/preh\/egresados\/facultad-de-administracion-de-empresas\/","url":"https:\/\/academicos.uprrp.edu\/preh\/egresados\/facultad-de-administracion-de-empresas\/","name":"Facultad de Administraci\u00f3n de Empresas - Programa de Estudios de Honor","isPartOf":{"@id":"https:\/\/academicos.uprrp.edu\/preh\/#website"},"primaryImageOfPage":{"@id":"https:\/\/academicos.uprrp.edu\/preh\/egresados\/facultad-de-administracion-de-empresas\/#primaryimage"},"image":{"@id":"https:\/\/academicos.uprrp.edu\/preh\/egresados\/facultad-de-administracion-de-empresas\/#primaryimage"},"thumbnailUrl":"https:\/\/academicos.uprrp.edu\/preh\/wp-content\/uploads\/sites\/6\/2024\/05\/Werther-Caballero-Bernier-200x200.png","datePublished":"2024-06-03T13:23:31+00:00","dateModified":"2025-06-18T20:13:00+00:00","breadcrumb":{"@id":"https:\/\/academicos.uprrp.edu\/preh\/egresados\/facultad-de-administracion-de-empresas\/#breadcrumb"},"inLanguage":"es","potentialAction":[{"@type":"ReadAction","target":["https:\/\/academicos.uprrp.edu\/preh\/egresados\/facultad-de-administracion-de-empresas\/"]}]},{"@type":"ImageObject","inLanguage":"es","@id":"https:\/\/academicos.uprrp.edu\/preh\/egresados\/facultad-de-administracion-de-empresas\/#primaryimage","url":"https:\/\/academicos.uprrp.edu\/preh\/wp-content\/uploads\/sites\/6\/2024\/05\/Werther-Caballero-Bernier-200x200.png","contentUrl":"https:\/\/academicos.uprrp.edu\/preh\/wp-content\/uploads\/sites\/6\/2024\/05\/Werther-Caballero-Bernier-200x200.png"},{"@type":"BreadcrumbList","@id":"https:\/\/academicos.uprrp.edu\/preh\/egresados\/facultad-de-administracion-de-empresas\/#breadcrumb","itemListElement":[{"@type":"ListItem","position":1,"name":"Home","item":"https:\/\/academicos.uprrp.edu\/preh\/"},{"@type":"ListItem","position":2,"name":"Egresados(as)","item":"https:\/\/academicos.uprrp.edu\/preh\/egresados\/"},{"@type":"ListItem","position":3,"name":"Facultad de Administraci\u00f3n de Empresas"}]},{"@type":"WebSite","@id":"https:\/\/academicos.uprrp.edu\/preh\/#website","url":"https:\/\/academicos.uprrp.edu\/preh\/","name":"Programa de Estudios de Honor","description":"","potentialAction":[{"@type":"SearchAction","target":{"@type":"EntryPoint","urlTemplate":"https:\/\/academicos.uprrp.edu\/preh\/?s={search_term_string}"},"query-input":{"@type":"PropertyValueSpecification","valueRequired":true,"valueName":"search_term_string"}}],"inLanguage":"es"}]}},"_links":{"self":[{"href":"https:\/\/academicos.uprrp.edu\/preh\/wp-json\/wp\/v2\/pages\/11819","targetHints":{"allow":["GET"]}}],"collection":[{"href":"https:\/\/academicos.uprrp.edu\/preh\/wp-json\/wp\/v2\/pages"}],"about":[{"href":"https:\/\/academicos.uprrp.edu\/preh\/wp-json\/wp\/v2\/types\/page"}],"author":[{"embeddable":true,"href":"https:\/\/academicos.uprrp.edu\/preh\/wp-json\/wp\/v2\/users\/9"}],"replies":[{"embeddable":true,"href":"https:\/\/academicos.uprrp.edu\/preh\/wp-json\/wp\/v2\/comments?post=11819"}],"version-history":[{"count":7,"href":"https:\/\/academicos.uprrp.edu\/preh\/wp-json\/wp\/v2\/pages\/11819\/revisions"}],"predecessor-version":[{"id":12813,"href":"https:\/\/academicos.uprrp.edu\/preh\/wp-json\/wp\/v2\/pages\/11819\/revisions\/12813"}],"up":[{"embeddable":true,"href":"https:\/\/academicos.uprrp.edu\/preh\/wp-json\/wp\/v2\/pages\/10926"}],"wp:attachment":[{"href":"https:\/\/academicos.uprrp.edu\/preh\/wp-json\/wp\/v2\/media?parent=11819"}],"curies":[{"name":"wp","href":"https:\/\/api.w.org\/{rel}","templated":true}]}}

Facultad de Administración de Empresas

<div data-elementor-type="wp-page" data-elementor-id="11819" class="elementor elementor-11819">
				<div class="elementor-element elementor-element-871f290 e-flex e-con-boxed e-con e-parent" data-id="871f290" data-element_type="container" data-e-type="container">
					<div class="e-con-inner">
				<div class="elementor-element elementor-element-faba10d elementor-widget thim-ekits-heading elementor-widget-thim-heading" data-id="faba10d" data-element_type="widget" data-e-type="widget" data-widget_type="thim-heading.default">
				<div class="elementor-widget-container">
					<div class="sc_heading "><h3 class="title">Facultad de Administración de Empresas</h3><span class="line"></span></div>				</div>
				</div>
				<div class="elementor-element elementor-element-c3bc6fe elementor-widget elementor-widget-thim-our-team" data-id="c3bc6fe" data-element_type="widget" data-e-type="widget" data-widget_type="thim-our-team.default">
				<div class="elementor-widget-container">
					<div class="wrapper-lists-our-team"><div class="row"><div class="our-team-item col-sm-3"><div class="our-team-image"> <a class="link-img" href="https://academicos.uprrp.edu/preh/our_team/rosa-i-berrios-negron/"></a><img decoding="async" src="https://academicos.uprrp.edu/preh/wp-content/uploads/sites/6/2025/06/Logro-defensa-Rosa-Berrios-1-200x200.png" alt="Logro defensa Rosa Berrios" title="Logro defensa Rosa Berrios"  width="200" height="200"><div class="social-team"></div></div><div class="content-team"><h4 class="title"><a href="https://academicos.uprrp.edu/preh/our_team/rosa-i-berrios-negron/">Rosa I. Berríos Negrón</a></h4><div class = "regency">2025</div></div></div><div class="our-team-item col-sm-3"><div class="our-team-image"> <a class="link-img" href="https://academicos.uprrp.edu/preh/our_team/juanita-polanco-irizarry/"></a><img decoding="async" src="https://academicos.uprrp.edu/preh/wp-content/themes/eduma/images/demo_images/demo_image.jpg" alt="Juanita Polanco Irizarry" title="Juanita Polanco Irizarry" ><div class="social-team"></div></div><div class="content-team"><h4 class="title"><a href="https://academicos.uprrp.edu/preh/our_team/juanita-polanco-irizarry/">Juanita Polanco Irizarry</a></h4><div class = "regency">2021</div></div></div></div></div>				</div>
				</div>
				<div class="elementor-element elementor-element-63d95e8 elementor-widget elementor-widget-text-editor" data-id="63d95e8" data-element_type="widget" data-e-type="widget" data-widget_type="text-editor.default">
				<div class="elementor-widget-container">
									<table dir="ltr" border="1" cellspacing="0" cellpadding="0" data-sheets-root="1" data-sheets-baot="1"><colgroup><col width="97" /><col width="100" /><col width="105" /></colgroup><tbody><tr><td>Berríos</td><td>Negrón</td><td>Rosa I.</td></tr><tr><td>Polanco</td><td>Irizarry</td><td>Juanita</td></tr></tbody></table>								</div>
				</div>
					</div>
				</div>
				</div>

<p>Facultad de Administración de Empresas Werther Caballero Bernier Nathalia D. Bou Ramos Luis G. Figueroa Pagán Karla Sosa Portillo Francisco Kortright Aponte Brian Patrick Joyner Bizama Ashley A. Nieves Cruz Juanita Polanco Irizarry 2021 Berríos Negrón Rosa I. Polanco Irizarry &hellip; </p>

<!-- This site is optimized with the Yoast SEO plugin v27.2 - https://yoast.com/product/yoast-seo-wordpress/ -->
<title>Facultad de Administración de Empresas - Programa de Estudios de Honor</title>
<meta name="robots" content="index, follow, max-snippet:-1, max-image-preview:large, max-video-preview:-1" />
<link rel="canonical" href="https://academicos.uprrp.edu/preh/egresados/facultad-de-administracion-de-empresas/" />
<meta property="og:locale" content="es_ES" />
<meta property="og:type" content="article" />
<meta property="og:title" content="Facultad de Administración de Empresas - Programa de Estudios de Honor" />
<meta property="og:description" content="Facultad de Administración de Empresas Werther Caballero Bernier Nathalia D. Bou Ramos Luis G. Figueroa Pagán Karla Sosa Portillo Francisco Kortright Aponte Brian Patrick Joyner Bizama Ashley A. Nieves Cruz Juanita Polanco Irizarry 2021 Berríos Negrón Rosa I. Polanco Irizarry &hellip;" />
<meta property="og:url" content="https://academicos.uprrp.edu/preh/egresados/facultad-de-administracion-de-empresas/" />
<meta property="og:site_name" content="Programa de Estudios de Honor" />
<meta property="article:modified_time" content="2025-06-18T20:13:00+00:00" />
<meta property="og:image" content="https://academicos.uprrp.edu/preh/wp-content/uploads/sites/6/2024/05/Werther-Caballero-Bernier-200x200.png" />
<meta name="twitter:card" content="summary_large_image" />
<meta name="twitter:label1" content="Est. reading time" />
	<meta name="twitter:data1" content="2 minutos" />
<script type="application/ld+json" class="yoast-schema-graph">{"@context":"https://schema.org","@graph":[{"@type":"WebPage","@id":"https://academicos.uprrp.edu/preh/egresados/facultad-de-administracion-de-empresas/","url":"https://academicos.uprrp.edu/preh/egresados/facultad-de-administracion-de-empresas/","name":"Facultad de Administración de Empresas - Programa de Estudios de Honor","isPartOf":{"@id":"https://academicos.uprrp.edu/preh/#website"},"primaryImageOfPage":{"@id":"https://academicos.uprrp.edu/preh/egresados/facultad-de-administracion-de-empresas/#primaryimage"},"image":{"@id":"https://academicos.uprrp.edu/preh/egresados/facultad-de-administracion-de-empresas/#primaryimage"},"thumbnailUrl":"https://academicos.uprrp.edu/preh/wp-content/uploads/sites/6/2024/05/Werther-Caballero-Bernier-200x200.png","datePublished":"2024-06-03T13:23:31+00:00","dateModified":"2025-06-18T20:13:00+00:00","breadcrumb":{"@id":"https://academicos.uprrp.edu/preh/egresados/facultad-de-administracion-de-empresas/#breadcrumb"},"inLanguage":"es","potentialAction":[{"@type":"ReadAction","target":["https://academicos.uprrp.edu/preh/egresados/facultad-de-administracion-de-empresas/"]}]},{"@type":"ImageObject","inLanguage":"es","@id":"https://academicos.uprrp.edu/preh/egresados/facultad-de-administracion-de-empresas/#primaryimage","url":"https://academicos.uprrp.edu/preh/wp-content/uploads/sites/6/2024/05/Werther-Caballero-Bernier-200x200.png","contentUrl":"https://academicos.uprrp.edu/preh/wp-content/uploads/sites/6/2024/05/Werther-Caballero-Bernier-200x200.png"},{"@type":"BreadcrumbList","@id":"https://academicos.uprrp.edu/preh/egresados/facultad-de-administracion-de-empresas/#breadcrumb","itemListElement":[{"@type":"ListItem","position":1,"name":"Home","item":"https://academicos.uprrp.edu/preh/"},{"@type":"ListItem","position":2,"name":"Egresados(as)","item":"https://academicos.uprrp.edu/preh/egresados/"},{"@type":"ListItem","position":3,"name":"Facultad de Administración de Empresas"}]},{"@type":"WebSite","@id":"https://academicos.uprrp.edu/preh/#website","url":"https://academicos.uprrp.edu/preh/","name":"Programa de Estudios de Honor","description":"","potentialAction":[{"@type":"SearchAction","target":{"@type":"EntryPoint","urlTemplate":"https://academicos.uprrp.edu/preh/?s={search_term_string}"},"query-input":{"@type":"PropertyValueSpecification","valueRequired":true,"valueName":"search_term_string"}}],"inLanguage":"es"}]}</script>
<!-- / Yoast SEO plugin. -->

Facultad de Administración de Empresas - Programa de Estudios de Honor

Facultad de Administración de Empresas Werther Caballero Bernier Nathalia D. Bou Ramos Luis G. Figueroa Pagán Karla Sosa Portillo Francisco Kortright Aponte Brian Patrick Joyner Bizama Ashley A. Nieves Cruz Juanita Polanco Irizarry 2021 Berríos Negrón Rosa I. Polanco Irizarry &hellip;
